Last updated on 2025-01-19 05:49:08 CET.
Flavor | Version | Tinstall | Tcheck | Ttotal | Status | Flags |
---|---|---|---|---|---|---|
r-devel-linux-x86_64-debian-clang | 0.6.0 | 233.16 | 174.54 | 407.70 | OK | |
r-devel-linux-x86_64-debian-gcc | 0.6.0 | 171.01 | 138.24 | 309.25 | OK | |
r-devel-linux-x86_64-fedora-clang | 0.6.0 | 697.11 | OK | |||
r-devel-linux-x86_64-fedora-gcc | 0.6.0 | 804.69 | OK | |||
r-devel-windows-x86_64 | 0.6.0 | 198.00 | 199.00 | 397.00 | OK | |
r-patched-linux-x86_64 | 0.6.0 | 241.21 | 183.69 | 424.90 | OK | |
r-release-linux-x86_64 | 0.6.0 | 245.25 | 187.52 | 432.77 | OK | |
r-release-macos-arm64 | 0.6.0 | 228.00 | NOTE | |||
r-release-macos-x86_64 | 0.6.0 | 302.00 | NOTE | |||
r-release-windows-x86_64 | 0.6.0 | 195.00 | 203.00 | 398.00 | OK | |
r-oldrel-macos-arm64 | 0.6.0 | 235.00 | NOTE | |||
r-oldrel-macos-x86_64 | 0.6.0 | 289.00 | NOTE | |||
r-oldrel-windows-x86_64 | 0.6.0 | 249.00 | 251.00 | 500.00 | OK |
Version: 0.6.0
Check: installed package size
Result: NOTE
installed size is 40.2Mb
sub-directories of 1Mb or more:
libs 38.5Mb
Flavors: r-release-macos-arm64, r-release-macos-x86_64, r-oldrel-macos-arm64, r-oldrel-macos-x86_64