Last updated on 2024-03-27 20:49:56 CET.
Flavor | Version | Tinstall | Tcheck | Ttotal | Status | Flags |
---|---|---|---|---|---|---|
r-devel-linux-x86_64-debian-clang | 2.2.0 | 119.46 | 183.05 | 302.51 | OK | |
r-devel-linux-x86_64-debian-gcc | 2.2.0 | 91.85 | 134.95 | 226.80 | OK | |
r-devel-linux-x86_64-fedora-clang | 2.2.0 | 403.28 | OK | |||
r-devel-linux-x86_64-fedora-gcc | 2.2.0 | 406.07 | OK | |||
r-devel-windows-x86_64 | 2.2.0 | 93.00 | 175.00 | 268.00 | OK | |
r-patched-linux-x86_64 | 2.2.0 | 103.96 | 184.40 | 288.36 | OK | |
r-release-linux-x86_64 | 2.2.0 | 83.10 | 183.88 | 266.98 | OK | |
r-release-macos-arm64 | 2.2.0 | 98.00 | NOTE | |||
r-release-macos-x86_64 | 2.2.0 | 163.00 | NOTE | |||
r-release-windows-x86_64 | 2.2.0 | 114.00 | 216.00 | 330.00 | OK | |
r-oldrel-macos-arm64 | 2.1.2 | 112.00 | NOTE | |||
r-oldrel-windows-x86_64 | 2.1.2 | 109.00 | 194.00 | 303.00 | OK |
Version: 2.2.0
Check: installed package size
Result: NOTE
installed size is 7.3Mb
sub-directories of 1Mb or more:
data 2.3Mb
libs 4.4Mb
Flavors: r-release-macos-arm64, r-release-macos-x86_64
Version: 2.1.2
Check: installed package size
Result: NOTE
installed size is 7.3Mb
sub-directories of 1Mb or more:
data 2.3Mb
libs 4.4Mb
Flavor: r-oldrel-macos-arm64