Last updated on 2024-04-25 18:49:26 CEST.
Flavor | Version | Tinstall | Tcheck | Ttotal | Status | Flags |
---|---|---|---|---|---|---|
r-devel-linux-x86_64-debian-clang | 2.1.1 | 16.15 | 141.65 | 157.80 | NOTE | |
r-devel-linux-x86_64-debian-gcc | 2.1.1 | 10.38 | 105.11 | 115.49 | NOTE | |
r-devel-linux-x86_64-fedora-clang | 2.1.1 | 189.50 | NOTE | |||
r-devel-linux-x86_64-fedora-gcc | 2.1.1 | 182.89 | NOTE | |||
r-devel-windows-x86_64 | 2.1.1 | 11.00 | 137.00 | 148.00 | NOTE | |
r-patched-linux-x86_64 | 2.1.1 | 10.39 | 134.82 | 145.21 | NOTE | |
r-release-linux-x86_64 | 2.1.1 | 12.11 | 134.87 | 146.98 | OK | |
r-release-macos-arm64 | 2.1.1 | 53.00 | NOTE | |||
r-release-windows-x86_64 | 2.1.1 | 12.00 | 140.00 | 152.00 | NOTE | |
r-oldrel-macos-arm64 | 2.1.1 | 59.00 | OK | |||
r-oldrel-macos-x86_64 | 2.1.1 | 100.00 | OK | |||
r-oldrel-windows-x86_64 | 2.1.1 | 16.00 | 146.00 | 162.00 | OK |
Version: 2.1.1
Check: Rd files
Result: NOTE
checkRd: (-1) NASAtemp.Rd:14: Lost braces in \itemize; meant \describe ?
checkRd: (-1) NASAtemp.Rd:15: Lost braces in \itemize; meant \describe ?
Flavors: r-devel-linux-x86_64-debian-clang, r-devel-linux-x86_64-debian-gcc, r-devel-linux-x86_64-fedora-clang, r-devel-linux-x86_64-fedora-gcc, r-devel-windows-x86_64, r-patched-linux-x86_64, r-release-macos-arm64, r-release-windows-x86_64