Last updated on 2024-04-17 13:57:27 CEST.
Flavor | Version | Tinstall | Tcheck | Ttotal | Status | Flags |
---|---|---|---|---|---|---|
r-devel-linux-x86_64-debian-clang | 0.9.9 | 20.68 | 206.76 | 227.44 | OK | |
r-devel-linux-x86_64-debian-gcc | 0.9.9 | 17.97 | 149.91 | 167.88 | OK | |
r-devel-linux-x86_64-fedora-clang | 0.9.9 | 286.97 | NOTE | |||
r-devel-linux-x86_64-fedora-gcc | 0.9.9 | 285.14 | NOTE | |||
r-prerel-macos-arm64 | 0.9.9 | 73.00 | OK | |||
r-prerel-windows-x86_64 | 0.9.9 | 20.00 | 204.00 | 224.00 | OK | |
r-patched-linux-x86_64 | 0.9.9 | 20.52 | 196.92 | 217.44 | OK | |
r-release-linux-x86_64 | 0.9.9 | 18.53 | 198.94 | 217.47 | OK | |
r-release-macos-arm64 | 0.9.9 | 79.00 | OK | |||
r-release-macos-x86_64 | 0.9.9 | 156.00 | OK | |||
r-release-windows-x86_64 | 0.9.9 | 29.00 | 258.00 | 287.00 | OK | |
r-oldrel-macos-arm64 | 0.9.9 | 88.00 | OK | |||
r-oldrel-windows-x86_64 | 0.9.9 | 28.00 | 236.00 | 264.00 | OK |
Version: 0.9.9
Check: data for non-ASCII characters
Result: NOTE
Note: found 3 marked Latin-1 strings
Note: found 3 marked UTF-8 strings
Flavors: r-devel-linux-x86_64-fedora-clang, r-devel-linux-x86_64-fedora-gcc