Last updated on 2024-04-17 13:57:27 CEST.
Flavor | Version | Tinstall | Tcheck | Ttotal | Status | Flags |
---|---|---|---|---|---|---|
r-devel-linux-x86_64-debian-clang | 0.12 | 11.21 | 76.86 | 88.07 | NOTE | |
r-devel-linux-x86_64-debian-gcc | 0.12 | 7.59 | 56.21 | 63.80 | NOTE | |
r-devel-linux-x86_64-fedora-clang | 0.12 | 108.75 | NOTE | |||
r-devel-linux-x86_64-fedora-gcc | 0.12 | 104.21 | NOTE | |||
r-prerel-macos-arm64 | 0.12 | 48.00 | NOTE | |||
r-prerel-windows-x86_64 | 0.12 | 7.00 | 74.00 | 81.00 | NOTE | |
r-patched-linux-x86_64 | 0.12 | 10.66 | 72.48 | 83.14 | NOTE | |
r-release-linux-x86_64 | 0.12 | 6.99 | 68.38 | 75.37 | NOTE | |
r-release-macos-arm64 | 0.12 | 35.00 | NOTE | |||
r-release-macos-x86_64 | 0.12 | 59.00 | NOTE | |||
r-release-windows-x86_64 | 0.12 | 10.00 | 83.00 | 93.00 | NOTE | |
r-oldrel-macos-arm64 | 0.12 | 55.00 | NOTE | |||
r-oldrel-windows-x86_64 | 0.12 | 10.00 | 85.00 | 95.00 | NOTE |
Version: 0.12
Check: LazyData
Result: NOTE
'LazyData' is specified without a 'data' directory
Flavors: r-devel-linux-x86_64-debian-clang, r-devel-linux-x86_64-debian-gcc, r-devel-linux-x86_64-fedora-clang, r-devel-linux-x86_64-fedora-gcc, r-prerel-macos-arm64, r-prerel-windows-x86_64, r-patched-linux-x86_64, r-release-linux-x86_64, r-release-macos-arm64, r-release-macos-x86_64, r-release-windows-x86_64, r-oldrel-macos-arm64, r-oldrel-windows-x86_64
Version: 0.12
Check: dependencies in R code
Result: NOTE
Namespaces in Imports field not imported from:
‘data.table’ ‘ggplot2’ ‘randomcoloR’ ‘sqldf’
All declared Imports should be used.
Flavors: r-devel-linux-x86_64-fedora-clang, r-devel-linux-x86_64-fedora-gcc, r-oldrel-macos-arm64