Last updated on 2025-01-19 05:49:08 CET.
Flavor | Version | Tinstall | Tcheck | Ttotal | Status | Flags |
---|---|---|---|---|---|---|
r-devel-linux-x86_64-debian-clang | 1.4 | 10.17 | 85.82 | 95.99 | OK | |
r-devel-linux-x86_64-debian-gcc | 1.4 | 7.04 | 61.50 | 68.54 | OK | |
r-devel-linux-x86_64-fedora-clang | 1.4 | 159.55 | OK | |||
r-devel-linux-x86_64-fedora-gcc | 1.4 | 149.12 | OK | |||
r-devel-windows-x86_64 | 1.4 | 4.00 | 5.00 | 9.00 | ERROR | |
r-patched-linux-x86_64 | 1.4 | 9.29 | 80.30 | 89.59 | OK | |
r-release-linux-x86_64 | 1.4 | 8.85 | 79.40 | 88.25 | OK | |
r-release-macos-arm64 | 1.4 | 38.00 | OK | |||
r-release-macos-x86_64 | 1.4 | 67.00 | OK | |||
r-release-windows-x86_64 | 1.4 | 4.00 | 5.00 | 9.00 | ERROR | |
r-oldrel-macos-arm64 | 1.4 | 46.00 | OK | |||
r-oldrel-macos-x86_64 | 1.4 | 78.00 | OK | |||
r-oldrel-windows-x86_64 | 1.4 | 3.00 | 8.00 | 11.00 | OK |
Version: 1.4
Check: whether package can be installed
Result: ERROR
Installation failed.
Flavors: r-devel-windows-x86_64, r-release-windows-x86_64