Last updated on 2024-04-20 20:00:04 CEST.
Flavor | Version | Tinstall | Tcheck | Ttotal | Status | Flags |
---|---|---|---|---|---|---|
r-devel-linux-x86_64-debian-clang | 1.4 | 11.04 | 108.59 | 119.63 | OK | |
r-devel-linux-x86_64-debian-gcc | 1.4 | 9.54 | 79.66 | 89.20 | OK | |
r-devel-linux-x86_64-fedora-clang | 1.4 | 150.82 | OK | |||
r-devel-linux-x86_64-fedora-gcc | 1.4 | 142.73 | OK | |||
r-prerel-macos-arm64 | 1.4 | 38.00 | OK | |||
r-prerel-macos-x86_64 | 1.4 | 83.00 | OK | |||
r-prerel-windows-x86_64 | 1.4 | 8.00 | 5.00 | 13.00 | ERROR | |
r-patched-linux-x86_64 | 1.4 | 11.62 | 104.09 | 115.71 | OK | |
r-release-linux-x86_64 | 1.4 | 9.63 | 106.56 | 116.19 | OK | |
r-release-macos-arm64 | 1.4 | 46.00 | OK | |||
r-release-macos-x86_64 | 1.4 | 78.00 | OK | |||
r-release-windows-x86_64 | 1.4 | 10.00 | 5.00 | 15.00 | ERROR | |
r-oldrel-macos-arm64 | 1.4 | 45.00 | OK | |||
r-oldrel-windows-x86_64 | 1.4 | 11.00 | 11.00 | 22.00 | ERROR |
Version: 1.4
Check: whether package can be installed
Result: ERROR
Installation failed.
Flavors: r-prerel-windows-x86_64, r-release-windows-x86_64, r-oldrel-windows-x86_64