CRAN Package Check Results for Package featurefinder

Last updated on 2020-10-23 12:49:31 CEST.

Flavor Version Tinstall Tcheck Ttotal Status Flags
r-devel-linux-x86_64-debian-clang 1.1 3.27 33.59 36.86 NOTE
r-devel-linux-x86_64-debian-gcc 1.1 2.42 25.60 28.02 NOTE
r-devel-linux-x86_64-fedora-clang 1.1 52.52 NOTE
r-devel-linux-x86_64-fedora-gcc 1.1 43.88 NOTE
r-devel-windows-ix86+x86_64 1.1 6.00 58.00 64.00 OK
r-patched-linux-x86_64 1.1 3.09 31.60 34.69 NOTE
r-patched-solaris-x86 1.1 66.60 NOTE
r-release-linux-x86_64 1.1 2.98 31.76 34.74 NOTE
r-release-macos-x86_64 1.1 OK
r-release-windows-ix86+x86_64 1.1 5.00 36.00 41.00 OK
r-oldrel-macos-x86_64 1.1 OK
r-oldrel-windows-ix86+x86_64 1.1 6.00 83.00 89.00 OK

Check Details

Version: 1.1
Check: for non-standard things in the check directory
Result: NOTE
    Found the following files/directories:
     'treesAll.txt'
Flavors: r-devel-linux-x86_64-debian-clang, r-devel-linux-x86_64-debian-gcc, r-devel-linux-x86_64-fedora-clang, r-devel-linux-x86_64-fedora-gcc, r-patched-linux-x86_64, r-patched-solaris-x86, r-release-linux-x86_64