CRAN Package Check Results for Package features

Last updated on 2025-01-19 05:49:08 CET.

Flavor Version Tinstall Tcheck Ttotal Status Flags
r-devel-linux-x86_64-debian-clang 2015.12-1 1.77 17.81 19.58 NOTE
r-devel-linux-x86_64-debian-gcc 2015.12-1 1.45 14.47 15.92 NOTE
r-devel-linux-x86_64-fedora-clang 2015.12-1 31.54 OK
r-devel-linux-x86_64-fedora-gcc 2015.12-1 30.86 OK
r-devel-windows-x86_64 2015.12-1 4.00 40.00 44.00 NOTE
r-patched-linux-x86_64 2015.12-1 2.69 17.12 19.81 OK
r-release-linux-x86_64 2015.12-1 1.58 17.16 18.74 OK
r-release-macos-arm64 2015.12-1 15.00 OK
r-release-macos-x86_64 2015.12-1 21.00 OK
r-release-windows-x86_64 2015.12-1 3.00 42.00 45.00 OK
r-oldrel-macos-arm64 2015.12-1 16.00 OK
r-oldrel-macos-x86_64 2015.12-1 20.00 OK
r-oldrel-windows-x86_64 2015.12-1 3.00 41.00 44.00 OK

Check Details

Version: 2015.12-1
Check: Rd cross-references
Result: NOTE Found the following Rd file(s) with Rd \link{} targets missing package anchors: features.Rd: glkerns Please provide package anchors for all Rd \link{} targets not in the package itself and the base packages. Flavors: r-devel-linux-x86_64-debian-clang, r-devel-linux-x86_64-debian-gcc, r-devel-windows-x86_64