CRAN Package Check Results for Package fgeo

Last updated on 2025-01-19 05:49:08 CET.

Flavor Version Tinstall Tcheck Ttotal Status Flags
r-devel-linux-x86_64-debian-clang 1.1.4 6.28 48.41 54.69 OK
r-devel-linux-x86_64-debian-gcc 1.1.4 4.20 34.85 39.05 OK
r-devel-linux-x86_64-fedora-clang 1.1.4 85.69 OK
r-devel-linux-x86_64-fedora-gcc 1.1.4 81.03 OK
r-devel-windows-x86_64 1.1.4 7.00 64.00 71.00 OK
r-patched-linux-x86_64 1.1.4 5.35 44.42 49.77 NOTE
r-release-linux-x86_64 1.1.4 4.65 44.31 48.96 NOTE
r-release-macos-arm64 1.1.4 26.00 NOTE
r-release-macos-x86_64 1.1.4 40.00 NOTE
r-release-windows-x86_64 1.1.4 7.00 64.00 71.00 NOTE
r-oldrel-macos-arm64 1.1.4 28.00 NOTE
r-oldrel-macos-x86_64 1.1.4 49.00 NOTE
r-oldrel-windows-x86_64 1.1.4 10.00 72.00 82.00 NOTE

Check Details

Version: 1.1.4
Check: LazyData
Result: NOTE 'LazyData' is specified without a 'data' directory Flavors: r-patched-linux-x86_64, r-release-linux-x86_64, r-release-macos-arm64, r-release-macos-x86_64, r-release-windows-x86_64, r-oldrel-macos-arm64, r-oldrel-macos-x86_64, r-oldrel-windows-x86_64