Last updated on 2025-01-19 05:49:08 CET.
Flavor | Version | Tinstall | Tcheck | Ttotal | Status | Flags |
---|---|---|---|---|---|---|
r-devel-linux-x86_64-debian-clang | 1.1.1 | 345.07 | 177.40 | 522.47 | OK | |
r-devel-linux-x86_64-debian-gcc | 1.1.1 | 302.60 | 160.61 | 463.21 | OK | |
r-devel-linux-x86_64-fedora-clang | 1.1.1 | 911.66 | OK | |||
r-devel-linux-x86_64-fedora-gcc | 1.1.1 | 1178.10 | OK | |||
r-devel-windows-x86_64 | 1.1.1 | 356.00 | 235.00 | 591.00 | OK | |
r-patched-linux-x86_64 | 1.1.1 | 404.51 | 211.08 | 615.59 | OK | |
r-release-linux-x86_64 | 1.1.1 | 400.82 | 211.33 | 612.15 | OK | |
r-release-macos-arm64 | 1.1.1 | 238.00 | NOTE | |||
r-release-macos-x86_64 | 1.1.1 | 354.00 | NOTE | |||
r-release-windows-x86_64 | 1.1.1 | 342.00 | 233.00 | 575.00 | NOTE | |
r-oldrel-macos-arm64 | 1.1.1 | 252.00 | NOTE | |||
r-oldrel-macos-x86_64 | 1.1.1 | 295.00 | NOTE | |||
r-oldrel-windows-x86_64 | 1.1.1 | 474.00 | 271.00 | 745.00 | NOTE |
Version: 1.1.1
Check: installed package size
Result: NOTE
installed size is 61.9Mb
sub-directories of 1Mb or more:
data 2.7Mb
libs 57.5Mb
Flavors: r-release-macos-arm64, r-release-macos-x86_64, r-release-windows-x86_64, r-oldrel-macos-arm64, r-oldrel-macos-x86_64, r-oldrel-windows-x86_64