Last updated on 2025-01-19 05:49:08 CET.
Flavor | Version | Tinstall | Tcheck | Ttotal | Status | Flags |
---|---|---|---|---|---|---|
r-devel-linux-x86_64-debian-clang | 1.0.8 | 16.30 | 374.63 | 390.93 | OK | |
r-devel-linux-x86_64-debian-gcc | 1.0.8 | 10.37 | 257.80 | 268.17 | OK | |
r-devel-linux-x86_64-fedora-clang | 1.0.8 | 639.06 | OK | |||
r-devel-linux-x86_64-fedora-gcc | 1.0.8 | 657.04 | OK | |||
r-devel-windows-x86_64 | 1.0.8 | 17.00 | 378.00 | 395.00 | OK | |
r-patched-linux-x86_64 | 1.0.8 | 17.73 | 352.92 | 370.65 | OK | |
r-release-linux-x86_64 | 1.0.8 | 11.80 | 350.54 | 362.34 | OK | |
r-release-macos-arm64 | 1.0.8 | 137.00 | NOTE | |||
r-release-macos-x86_64 | 1.0.8 | 228.00 | NOTE | |||
r-release-windows-x86_64 | 1.0.8 | 17.00 | 362.00 | 379.00 | NOTE | |
r-oldrel-macos-arm64 | 1.0.8 | 352.00 | NOTE | |||
r-oldrel-macos-x86_64 | 1.0.8 | 479.00 | NOTE | |||
r-oldrel-windows-x86_64 | 1.0.8 | 23.00 | 475.00 | 498.00 | NOTE |
Version: 1.0.8
Check: installed package size
Result: NOTE
installed size is 5.6Mb
sub-directories of 1Mb or more:
doc 4.9Mb
Flavors: r-release-macos-arm64, r-release-macos-x86_64, r-release-windows-x86_64, r-oldrel-macos-arm64, r-oldrel-macos-x86_64, r-oldrel-windows-x86_64