CRAN Package Check Results for Package finch

Last updated on 2025-01-19 05:49:08 CET.

Flavor Version Tinstall Tcheck Ttotal Status Flags
r-devel-linux-x86_64-debian-clang 0.4.0 5.79 51.81 57.60 OK
r-devel-linux-x86_64-debian-gcc 0.4.0 5.19 36.66 41.85 OK
r-devel-linux-x86_64-fedora-clang 0.4.0 95.09 OK
r-devel-linux-x86_64-fedora-gcc 0.4.0 86.39 OK
r-devel-windows-x86_64 0.4.0 9.00 68.00 77.00 OK
r-patched-linux-x86_64 0.4.0 5.86 47.07 52.93 NOTE
r-release-linux-x86_64 0.4.0 5.37 47.49 52.86 NOTE
r-release-macos-arm64 0.4.0 28.00 NOTE
r-release-macos-x86_64 0.4.0 60.00 NOTE
r-release-windows-x86_64 0.4.0 9.00 66.00 75.00 NOTE
r-oldrel-macos-arm64 0.4.0 30.00 NOTE
r-oldrel-macos-x86_64 0.4.0 42.00 NOTE
r-oldrel-windows-x86_64 0.4.0 9.00 71.00 80.00 NOTE

Check Details

Version: 0.4.0
Check: LazyData
Result: NOTE 'LazyData' is specified without a 'data' directory Flavors: r-patched-linux-x86_64, r-release-linux-x86_64, r-release-macos-arm64, r-release-macos-x86_64, r-release-windows-x86_64, r-oldrel-macos-arm64, r-oldrel-macos-x86_64, r-oldrel-windows-x86_64