Last updated on 2025-01-19 05:49:08 CET.
Flavor | Version | Tinstall | Tcheck | Ttotal | Status | Flags |
---|---|---|---|---|---|---|
r-devel-linux-x86_64-debian-clang | 0.1.2 | 12.01 | 48.57 | 60.58 | OK | |
r-devel-linux-x86_64-debian-gcc | 0.1.2 | 9.36 | 35.40 | 44.76 | OK | |
r-devel-linux-x86_64-fedora-clang | 0.1.2 | 100.45 | OK | |||
r-devel-linux-x86_64-fedora-gcc | 0.1.2 | 116.93 | OK | |||
r-devel-windows-x86_64 | 0.1.2 | 30.00 | 82.00 | 112.00 | OK | |
r-patched-linux-x86_64 | 0.1.2 | 13.12 | 46.65 | 59.77 | OK | |
r-release-linux-x86_64 | 0.1.2 | 13.43 | 46.44 | 59.87 | OK | |
r-release-macos-arm64 | 0.1.2 | 39.00 | NOTE | |||
r-release-macos-x86_64 | 0.1.2 | 72.00 | NOTE | |||
r-release-windows-x86_64 | 0.1.2 | 31.00 | 81.00 | 112.00 | OK | |
r-oldrel-macos-arm64 | 0.1.2 | 52.00 | NOTE | |||
r-oldrel-macos-x86_64 | 0.1.2 | 90.00 | NOTE | |||
r-oldrel-windows-x86_64 | 0.1.2 | 36.00 | 92.00 | 128.00 | OK |
Version: 0.1.2
Check: installed package size
Result: NOTE
installed size is 5.5Mb
sub-directories of 1Mb or more:
data 2.4Mb
extdata 2.8Mb
Flavors: r-release-macos-arm64, r-release-macos-x86_64, r-oldrel-macos-arm64, r-oldrel-macos-x86_64