CRAN Package Check Results for Package fingerPro

Last updated on 2025-01-19 05:49:08 CET.

Flavor Version Tinstall Tcheck Ttotal Status Flags
r-devel-linux-x86_64-debian-clang 1.1 30.40 139.15 169.55 OK
r-devel-linux-x86_64-debian-gcc 1.1 22.80 104.68 127.48 OK
r-devel-linux-x86_64-fedora-clang 1.1 292.18 NOTE
r-devel-linux-x86_64-fedora-gcc 1.1 283.88 NOTE
r-devel-windows-x86_64 1.1 33.00 140.00 173.00 OK
r-patched-linux-x86_64 1.1 28.57 130.94 159.51 OK
r-release-linux-x86_64 1.1 29.43 130.53 159.96 OK
r-release-macos-arm64 1.1 112.00 OK
r-release-macos-x86_64 1.1 129.00 OK
r-release-windows-x86_64 1.1 32.00 149.00 181.00 OK
r-oldrel-macos-arm64 1.1 84.00 OK
r-oldrel-macos-x86_64 1.1 129.00 OK
r-oldrel-windows-x86_64 1.1 40.00 169.00 209.00 OK

Check Details

Version: 1.1
Check: dependencies in R code
Result: NOTE Namespace in Imports field not imported from: ‘RcppProgress’ All declared Imports should be used. Flavors: r-devel-linux-x86_64-fedora-clang, r-devel-linux-x86_64-fedora-gcc