Last updated on 2025-01-19 05:49:08 CET.
Flavor | Version | Tinstall | Tcheck | Ttotal | Status | Flags |
---|---|---|---|---|---|---|
r-devel-linux-x86_64-debian-clang | 1.2.3 | 8.63 | 66.42 | 75.05 | OK | |
r-devel-linux-x86_64-debian-gcc | 1.2.3 | 6.38 | 47.93 | 54.31 | OK | |
r-devel-linux-x86_64-fedora-clang | 1.2.3 | 119.32 | NOTE | |||
r-devel-linux-x86_64-fedora-gcc | 1.2.3 | 110.65 | NOTE | |||
r-devel-windows-x86_64 | 1.2.3 | 11.00 | 76.00 | 87.00 | OK | |
r-patched-linux-x86_64 | 1.2.3 | 7.30 | 60.71 | 68.01 | OK | |
r-release-linux-x86_64 | 1.2.3 | 8.05 | 60.18 | 68.23 | OK | |
r-release-macos-arm64 | 1.2.3 | 31.00 | OK | |||
r-release-macos-x86_64 | 1.2.3 | 51.00 | OK | |||
r-release-windows-x86_64 | 1.2.3 | 11.00 | 76.00 | 87.00 | OK | |
r-oldrel-macos-arm64 | 1.2.3 | 39.00 | OK | |||
r-oldrel-macos-x86_64 | 1.2.3 | 81.00 | OK | |||
r-oldrel-windows-x86_64 | 1.2.3 | 11.00 | 87.00 | 98.00 | OK |
Version: 1.2.3
Check: dependencies in R code
Result: NOTE
Namespaces in Imports field not imported from:
‘httr’ ‘jsonlite’
All declared Imports should be used.
Flavors: r-devel-linux-x86_64-fedora-clang, r-devel-linux-x86_64-fedora-gcc