CRAN Package Check Results for Package fishflux

Last updated on 2021-01-15 12:50:18 CET.

Flavor Version Tinstall Tcheck Ttotal Status Flags
r-devel-linux-x86_64-debian-clang 0.0.1.3 185.35 194.02 379.37 NOTE
r-devel-linux-x86_64-debian-gcc 0.0.1.3 148.53 142.93 291.46 NOTE
r-devel-linux-x86_64-fedora-clang 0.0.1.3 698.96 NOTE
r-devel-linux-x86_64-fedora-gcc 0.0.1.3 604.05 NOTE
r-devel-windows-ix86+x86_64 0.0.1.3 504.00 369.00 873.00 NOTE
r-patched-linux-x86_64 0.0.1.3 164.37 259.30 423.67 NOTE
r-patched-solaris-x86 0.0.1.3 506.50 WARN
r-release-linux-x86_64 0.0.1.3 165.26 195.20 360.46 NOTE
r-release-macos-x86_64 0.0.1.3 WARN
r-release-windows-ix86+x86_64 0.0.1.3 331.00 323.00 654.00 NOTE
r-oldrel-macos-x86_64 0.0.1.3 WARN
r-oldrel-windows-ix86+x86_64 0.0.1.3 361.00 270.00 631.00 NOTE

Check Details

Version: 0.0.1.3
Check: for GNU extensions in Makefiles
Result: NOTE
    GNU make is a SystemRequirements.
Flavors: r-devel-linux-x86_64-debian-clang, r-devel-linux-x86_64-debian-gcc, r-devel-linux-x86_64-fedora-clang, r-devel-linux-x86_64-fedora-gcc, r-devel-windows-ix86+x86_64, r-patched-linux-x86_64, r-patched-solaris-x86, r-release-linux-x86_64, r-release-macos-x86_64, r-release-windows-ix86+x86_64, r-oldrel-macos-x86_64, r-oldrel-windows-ix86+x86_64

Version: 0.0.1.3
Check: installed package size
Result: NOTE
     installed size is 45.2Mb
     sub-directories of 1Mb or more:
     libs 44.5Mb
Flavors: r-devel-linux-x86_64-fedora-clang, r-devel-windows-ix86+x86_64, r-release-macos-x86_64, r-release-windows-ix86+x86_64, r-oldrel-macos-x86_64, r-oldrel-windows-ix86+x86_64

Version: 0.0.1.3
Check: dependencies in R code
Result: NOTE
    Namespaces in Imports field not imported from:
     ‘RcppParallel’ ‘rstantools’
     All declared Imports should be used.
Flavors: r-devel-linux-x86_64-fedora-clang, r-devel-linux-x86_64-fedora-gcc, r-patched-solaris-x86, r-release-macos-x86_64, r-oldrel-macos-x86_64

Version: 0.0.1.3
Check: re-building of vignette outputs
Result: WARN
    Error(s) in re-building vignettes:
     ...
    --- re-building ‘intro_to_fishflux.Rmd’ using rmarkdown
    Warning in engine$weave(file, quiet = quiet, encoding = enc) :
     Pandoc (>= 1.12.3) and/or pandoc-citeproc not available. Falling back to R Markdown v1.
    Quitting from lines 81-123 (intro_to_fishflux.Rmd)
    Error: processing vignette 'intro_to_fishflux.Rmd' failed with diagnostics:
    Please install either RStudio or Pandoc (https://pandoc.org)
    --- failed re-building ‘intro_to_fishflux.Rmd’
    
    SUMMARY: processing the following file failed:
     ‘intro_to_fishflux.Rmd’
    
    Error: Vignette re-building failed.
    Execution halted
Flavors: r-patched-solaris-x86, r-release-macos-x86_64, r-oldrel-macos-x86_64