Last updated on 2024-04-17 13:57:28 CEST.
Flavor | Version | Tinstall | Tcheck | Ttotal | Status | Flags |
---|---|---|---|---|---|---|
r-devel-linux-x86_64-debian-clang | 1.12-1 | 149.19 | 244.55 | 393.74 | OK | |
r-devel-linux-x86_64-debian-gcc | 1.12-1 | 122.21 | 168.62 | 290.83 | OK | |
r-devel-linux-x86_64-fedora-clang | 1.12-1 | 456.58 | OK | |||
r-devel-linux-x86_64-fedora-gcc | 1.12-1 | 506.06 | OK | |||
r-prerel-macos-arm64 | 1.12-1 | 103.00 | NOTE | |||
r-prerel-windows-x86_64 | 1.12-1 | 102.00 | 195.00 | 297.00 | NOTE | |
r-patched-linux-x86_64 | 1.12-1 | 106.17 | 225.15 | 331.32 | OK | |
r-release-linux-x86_64 | 1.12-1 | 106.19 | 225.03 | 331.22 | OK | |
r-release-macos-arm64 | 1.12-1 | 102.00 | NOTE | |||
r-release-macos-x86_64 | 1.12-1 | 257.00 | NOTE | |||
r-release-windows-x86_64 | 1.12-1 | 138.00 | 248.00 | 386.00 | NOTE | |
r-oldrel-macos-arm64 | 1.12-1 | 90.00 | NOTE | |||
r-oldrel-windows-x86_64 | 1.12-1 | 130.00 | 233.00 | 363.00 | NOTE |
Version: 1.12-1
Check: installed package size
Result: NOTE
installed size is 47.4Mb
sub-directories of 1Mb or more:
libs 46.1Mb
Flavors: r-prerel-macos-arm64, r-prerel-windows-x86_64, r-release-macos-arm64, r-release-macos-x86_64, r-release-windows-x86_64, r-oldrel-macos-arm64, r-oldrel-windows-x86_64