CRAN Package Check Results for Package fishtree

Last updated on 2025-01-19 05:49:08 CET.

Flavor Version Tinstall Tcheck Ttotal Status Flags
r-devel-linux-x86_64-debian-clang 0.3.4 2.36 33.33 35.69 OK
r-devel-linux-x86_64-debian-gcc 0.3.4 1.50 26.29 27.79 OK
r-devel-linux-x86_64-fedora-clang 0.3.4 59.00 OK
r-devel-linux-x86_64-fedora-gcc 0.3.4 71.54 OK
r-devel-windows-x86_64 0.3.4 4.00 57.00 61.00 OK
r-patched-linux-x86_64 0.3.4 2.40 31.22 33.62 NOTE
r-release-linux-x86_64 0.3.4 1.60 31.30 32.90 NOTE
r-release-macos-arm64 0.3.4 29.00 NOTE
r-release-macos-x86_64 0.3.4 50.00 NOTE
r-release-windows-x86_64 0.3.4 4.00 55.00 59.00 NOTE
r-oldrel-macos-arm64 0.3.4 29.00 NOTE
r-oldrel-macos-x86_64 0.3.4 47.00 NOTE
r-oldrel-windows-x86_64 0.3.4 4.00 58.00 62.00 NOTE

Check Details

Version: 0.3.4
Check: LazyData
Result: NOTE 'LazyData' is specified without a 'data' directory Flavors: r-patched-linux-x86_64, r-release-linux-x86_64, r-release-macos-arm64, r-release-macos-x86_64, r-release-windows-x86_64, r-oldrel-macos-arm64, r-oldrel-macos-x86_64, r-oldrel-windows-x86_64