Last updated on 2025-01-19 05:49:08 CET.
Flavor | Version | Tinstall | Tcheck | Ttotal | Status | Flags |
---|---|---|---|---|---|---|
r-devel-linux-x86_64-debian-clang | 1.0.2 | 32.95 | 68.32 | 101.27 | OK | |
r-devel-linux-x86_64-debian-gcc | 1.0.2 | 25.38 | 49.06 | 74.44 | OK | |
r-devel-linux-x86_64-fedora-clang | 1.0.2 | 178.78 | OK | |||
r-devel-linux-x86_64-fedora-gcc | 1.0.2 | 170.82 | OK | |||
r-devel-windows-x86_64 | 1.0.2 | 67.00 | 84.00 | 151.00 | OK | |
r-patched-linux-x86_64 | 1.0.2 | 31.16 | 61.41 | 92.57 | NOTE | |
r-release-linux-x86_64 | 1.0.2 | 32.03 | 61.71 | 93.74 | NOTE | |
r-release-macos-arm64 | 1.0.2 | 62.00 | NOTE | |||
r-release-macos-x86_64 | 1.0.2 | 143.00 | NOTE | |||
r-release-windows-x86_64 | 1.0.2 | 63.00 | 86.00 | 149.00 | NOTE | |
r-oldrel-macos-arm64 | 1.0.2 | 74.00 | NOTE | |||
r-oldrel-macos-x86_64 | 1.0.2 | 154.00 | NOTE | |||
r-oldrel-windows-x86_64 | 1.0.2 | 49.00 | 95.00 | 144.00 | NOTE |
Version: 1.0.2
Check: package dependencies
Result: NOTE
Package suggested but not available for checking: ‘gridlayout’
Flavors: r-patched-linux-x86_64, r-release-linux-x86_64, r-release-macos-arm64, r-release-macos-x86_64, r-release-windows-x86_64, r-oldrel-macos-arm64, r-oldrel-macos-x86_64, r-oldrel-windows-x86_64
Version: 1.0.2
Check: installed package size
Result: NOTE
installed size is 6.3Mb
sub-directories of 1Mb or more:
data 6.1Mb
Flavors: r-release-macos-arm64, r-release-macos-x86_64, r-release-windows-x86_64, r-oldrel-macos-arm64, r-oldrel-macos-x86_64, r-oldrel-windows-x86_64