CRAN Package Check Results for Package fivethirtyeight

Last updated on 2018-10-17 12:51:49 CEST.

Flavor Version Tinstall Tcheck Ttotal Status Flags
r-devel-linux-x86_64-debian-clang 0.4.0 8.65 54.99 63.64 OK
r-devel-linux-x86_64-debian-gcc 0.4.0 9.17 43.53 52.70 OK
r-devel-linux-x86_64-fedora-clang 0.4.0 77.63 NOTE
r-devel-linux-x86_64-fedora-gcc 0.4.0 75.59 NOTE
r-devel-windows-ix86+x86_64 0.4.0 20.00 109.00 129.00 NOTE
r-patched-linux-x86_64 0.4.0 8.82 52.21 61.03 OK
r-patched-solaris-x86 0.4.0 107.00 NOTE
r-release-linux-x86_64 0.4.0 8.43 51.64 60.07 OK
r-release-windows-ix86+x86_64 0.4.0 16.00 97.00 113.00 NOTE
r-release-osx-x86_64 0.4.0 NOTE
r-oldrel-windows-ix86+x86_64 0.4.0 24.00 89.00 113.00 WARN
r-oldrel-osx-x86_64 0.4.0 NOTE

Check Details

Version: 0.4.0
Check: installed package size
Result: NOTE
     installed size is 6.3Mb
     sub-directories of 1Mb or more:
     data 5.3Mb
Flavors: r-devel-linux-x86_64-fedora-clang, r-devel-windows-ix86+x86_64, r-patched-solaris-x86, r-release-windows-ix86+x86_64, r-release-osx-x86_64, r-oldrel-windows-ix86+x86_64, r-oldrel-osx-x86_64

Version: 0.4.0
Check: data for non-ASCII characters
Result: NOTE
     Note: found 1616 marked UTF-8 strings
Flavors: r-devel-linux-x86_64-fedora-clang, r-devel-linux-x86_64-fedora-gcc, r-patched-solaris-x86, r-release-osx-x86_64, r-oldrel-osx-x86_64

Version: 0.4.0
Check: for unstated dependencies in examples
Result: WARN
    Warning in parse(file = files, n = -1L) :
     invalid input found on input connection 'fivethirtyeight-Ex.R'
Flavor: r-oldrel-windows-ix86+x86_64