CRAN Package Check Results for Package fivethirtyeight

Last updated on 2018-04-26 12:46:51 CEST.

Flavor Version Tinstall Tcheck Ttotal Status Flags
r-devel-linux-x86_64-debian-clang 0.4.0 8.92 46.86 55.78 OK
r-devel-linux-x86_64-debian-gcc 0.4.0 8.18 41.54 49.72 OK
r-devel-linux-x86_64-fedora-clang 0.4.0 76.31 NOTE
r-devel-linux-x86_64-fedora-gcc 0.4.0 74.08 NOTE
r-devel-windows-ix86+x86_64 0.4.0 20.00 76.00 96.00 NOTE
r-patched-linux-x86_64 0.4.0 8.14 50.29 58.43 OK
r-patched-solaris-x86 0.4.0 105.70 NOTE
r-release-linux-x86_64 0.4.0 8.88 50.42 59.30 OK
r-release-windows-ix86+x86_64 0.4.0 20.00 76.00 96.00 NOTE
r-release-osx-x86_64 0.4.0 NOTE
r-oldrel-windows-ix86+x86_64 0.4.0 17.00 92.00 109.00 WARN
r-oldrel-osx-x86_64 0.4.0 NOTE

Check Details

Version: 0.4.0
Check: installed package size
Result: NOTE
     installed size is 6.3Mb
     sub-directories of 1Mb or more:
     data 5.3Mb
Flavors: r-devel-linux-x86_64-fedora-clang, r-devel-linux-x86_64-fedora-gcc, r-devel-windows-ix86+x86_64, r-patched-solaris-x86, r-release-windows-ix86+x86_64, r-release-osx-x86_64, r-oldrel-windows-ix86+x86_64, r-oldrel-osx-x86_64

Version: 0.4.0
Check: data for non-ASCII characters
Result: NOTE
     Note: found 1616 marked UTF-8 strings
Flavors: r-devel-linux-x86_64-fedora-clang, r-devel-linux-x86_64-fedora-gcc, r-patched-solaris-x86, r-release-osx-x86_64, r-oldrel-osx-x86_64

Version: 0.4.0
Check: for unstated dependencies in examples
Result: WARN
    Warning in parse(file = files, n = -1L) :
     invalid input found on input connection 'fivethirtyeight-Ex.R'
Flavor: r-oldrel-windows-ix86+x86_64