CRAN Package Check Results for Package fivethirtyeight

Last updated on 2019-01-18 12:47:36 CET.

Flavor Version Tinstall Tcheck Ttotal Status Flags
r-devel-linux-x86_64-debian-clang 0.4.0 7.92 58.89 66.81 OK
r-devel-linux-x86_64-debian-gcc 0.4.0 7.57 45.47 53.04 OK
r-devel-linux-x86_64-fedora-clang 0.4.0 83.06 NOTE
r-devel-linux-x86_64-fedora-gcc 0.4.0 80.70 NOTE
r-devel-windows-ix86+x86_64 0.4.0 38.00 113.00 151.00 NOTE
r-patched-linux-x86_64 0.4.0 8.66 53.10 61.76 OK
r-patched-solaris-x86 0.4.0 108.10 NOTE
r-release-linux-x86_64 0.4.0 7.55 51.23 58.78 OK
r-release-windows-ix86+x86_64 0.4.0 21.00 104.00 125.00 NOTE
r-release-osx-x86_64 0.4.0 NOTE
r-oldrel-windows-ix86+x86_64 0.4.0 21.00 117.00 138.00 WARN
r-oldrel-osx-x86_64 0.4.0 NOTE

Check Details

Version: 0.4.0
Check: installed package size
Result: NOTE
     installed size is 6.3Mb
     sub-directories of 1Mb or more:
     data 5.3Mb
Flavors: r-devel-linux-x86_64-fedora-clang, r-devel-windows-ix86+x86_64, r-patched-solaris-x86, r-release-windows-ix86+x86_64, r-release-osx-x86_64, r-oldrel-windows-ix86+x86_64, r-oldrel-osx-x86_64

Version: 0.4.0
Check: data for non-ASCII characters
Result: NOTE
     Note: found 1616 marked UTF-8 strings
Flavors: r-devel-linux-x86_64-fedora-clang, r-devel-linux-x86_64-fedora-gcc, r-patched-solaris-x86, r-release-osx-x86_64, r-oldrel-osx-x86_64

Version: 0.4.0
Check: for unstated dependencies in examples
Result: WARN
    Warning in parse(file = files, n = -1L) :
     invalid input found on input connection 'fivethirtyeight-Ex.R'
Flavor: r-oldrel-windows-ix86+x86_64