Last updated on 2025-01-19 05:49:08 CET.
Flavor | Version | Tinstall | Tcheck | Ttotal | Status | Flags |
---|---|---|---|---|---|---|
r-devel-linux-x86_64-debian-clang | 1.0 | 8.95 | 72.94 | 81.89 | NOTE | |
r-devel-linux-x86_64-debian-gcc | 1.0 | 5.91 | 52.69 | 58.60 | NOTE | |
r-devel-linux-x86_64-fedora-clang | 1.0 | 132.12 | OK | |||
r-devel-linux-x86_64-fedora-gcc | 1.0 | 123.64 | OK | |||
r-devel-windows-x86_64 | 1.0 | 10.00 | 81.00 | 91.00 | NOTE | |
r-patched-linux-x86_64 | 1.0 | 9.73 | 67.89 | 77.62 | OK | |
r-release-linux-x86_64 | 1.0 | 8.77 | 67.85 | 76.62 | OK | |
r-release-macos-arm64 | 1.0 | 35.00 | OK | |||
r-release-macos-x86_64 | 1.0 | 55.00 | OK | |||
r-release-windows-x86_64 | 1.0 | 10.00 | 84.00 | 94.00 | OK | |
r-oldrel-macos-arm64 | 1.0 | 45.00 | OK | |||
r-oldrel-macos-x86_64 | 1.0 | 108.00 | OK | |||
r-oldrel-windows-x86_64 | 1.0 | 10.00 | 101.00 | 111.00 | OK |
Version: 1.0
Check: Rd cross-references
Result: NOTE
Found the following Rd file(s) with Rd \link{} targets missing package
anchors:
fpAnova.Rd: anovaBF
Please provide package anchors for all Rd \link{} targets not in the
package itself and the base packages.
Flavors: r-devel-linux-x86_64-debian-clang, r-devel-linux-x86_64-debian-gcc, r-devel-windows-x86_64