Last updated on 2024-04-20 20:00:04 CEST.
Flavor | Version | Tinstall | Tcheck | Ttotal | Status | Flags |
---|---|---|---|---|---|---|
r-devel-linux-x86_64-debian-clang | 1.8 | 15.23 | 150.61 | 165.84 | NOTE | |
r-devel-linux-x86_64-debian-gcc | 1.8 | 11.48 | 108.28 | 119.76 | NOTE | |
r-devel-linux-x86_64-fedora-clang | 1.8 | 203.03 | NOTE | |||
r-devel-linux-x86_64-fedora-gcc | 1.8 | 204.75 | NOTE | |||
r-prerel-macos-arm64 | 1.8 | 54.00 | NOTE | |||
r-prerel-windows-x86_64 | 1.8 | 16.00 | 121.00 | 137.00 | NOTE | |
r-patched-linux-x86_64 | 1.8 | 14.05 | 142.28 | 156.33 | NOTE | |
r-release-linux-x86_64 | 1.8 | 11.22 | 139.67 | 150.89 | OK | |
r-release-macos-arm64 | 1.8 | 62.00 | OK | |||
r-release-macos-x86_64 | 1.8 | 102.00 | OK | |||
r-release-windows-x86_64 | 1.8 | 18.00 | 145.00 | 163.00 | OK | |
r-oldrel-macos-arm64 | 1.8 | 53.00 | OK | |||
r-oldrel-windows-x86_64 | 1.8 | 21.00 | 141.00 | 162.00 | OK |
Version: 1.8
Check: Rd files
Result: NOTE
checkRd: (-1) convertInitDesignToGrid.Rd:11: Lost braces; missing escapes or markup?
11 | The initial design, consisting of \code{d + 1} columns ({d} dimensions and
| ^
Flavors: r-devel-linux-x86_64-debian-clang, r-devel-linux-x86_64-debian-gcc, r-devel-linux-x86_64-fedora-clang, r-devel-linux-x86_64-fedora-gcc, r-prerel-macos-arm64, r-prerel-windows-x86_64, r-patched-linux-x86_64