CRAN Package Check Results for Package flam

Last updated on 2018-01-16 12:46:58 CET.

Flavor Version Tinstall Tcheck Ttotal Status Flags
r-devel-linux-x86_64-debian-clang 3.1 13.24 47.38 60.62 NOTE
r-devel-linux-x86_64-debian-gcc 3.1 10.86 35.08 45.94 NOTE
r-devel-linux-x86_64-fedora-clang 3.1 72.61 NOTE
r-devel-linux-x86_64-fedora-gcc 3.1 70.38 NOTE
r-devel-windows-ix86+x86_64 3.1 42.00 82.00 124.00 OK
r-patched-linux-x86_64 3.1 12.43 44.12 56.55 NOTE
r-patched-solaris-x86 3.1 87.90 OK
r-release-linux-x86_64 3.1 13.04 44.19 57.23 NOTE
r-release-windows-ix86+x86_64 3.1 45.00 111.00 156.00 OK
r-release-osx-x86_64 3.1 OK
r-oldrel-windows-ix86+x86_64 3.1 41.00 64.00 105.00 OK
r-oldrel-osx-x86_64 3.1 OK

Check Details

Version: 3.1
Check: compiled code
Result: NOTE
    File ‘flam/libs/flam.so’:
     Found no calls to: ‘R_registerRoutines’, ‘R_useDynamicSymbols’
    
    It is good practice to register native routines and to disable symbol
    search.
    
    See ‘Writing portable packages’ in the ‘Writing R Extensions’ manual.
Flavors: r-devel-linux-x86_64-debian-clang, r-devel-linux-x86_64-debian-gcc, r-devel-linux-x86_64-fedora-clang, r-devel-linux-x86_64-fedora-gcc, r-patched-linux-x86_64, r-release-linux-x86_64