CRAN Package Check Results for Package flashClust

Last updated on 2020-09-22 12:55:16 CEST.

Flavor Version Tinstall Tcheck Ttotal Status Flags
r-devel-linux-x86_64-debian-clang 1.01-2 2.34 19.40 21.74 NOTE
r-devel-linux-x86_64-debian-gcc 1.01-2 1.93 15.59 17.52 NOTE
r-devel-linux-x86_64-fedora-clang 1.01-2 36.00 NOTE
r-devel-linux-x86_64-fedora-gcc 1.01-2 26.54 NOTE
r-devel-windows-ix86+x86_64 1.01-2 9.00 33.00 42.00 NOTE
r-patched-linux-x86_64 1.01-2 2.40 18.97 21.37 NOTE
r-patched-solaris-x86 1.01-2 42.70 NOTE
r-release-linux-x86_64 1.01-2 2.35 19.27 21.62 NOTE
r-release-macos-x86_64 1.01-2 NOTE
r-release-windows-ix86+x86_64 1.01-2 7.00 36.00 43.00 NOTE
r-oldrel-macos-x86_64 1.01-2 NOTE
r-oldrel-windows-ix86+x86_64 1.01-2 7.00 45.00 52.00 NOTE

Check Details

Version: 1.01-2
Check: DESCRIPTION meta-information
Result: NOTE
    Malformed Description field: should contain one or more complete sentences.
Flavors: r-devel-linux-x86_64-debian-clang, r-devel-linux-x86_64-debian-gcc, r-devel-linux-x86_64-fedora-clang, r-devel-linux-x86_64-fedora-gcc, r-devel-windows-ix86+x86_64, r-patched-linux-x86_64, r-patched-solaris-x86, r-release-linux-x86_64, r-release-macos-x86_64, r-release-windows-ix86+x86_64, r-oldrel-macos-x86_64, r-oldrel-windows-ix86+x86_64

Version: 1.01-2
Check: compiled code
Result: NOTE
    File ‘flashClust/libs/flashClust.so’:
     Found no calls to: ‘R_registerRoutines’, ‘R_useDynamicSymbols’
    
    It is good practice to register native routines and to disable symbol
    search.
    
    See ‘Writing portable packages’ in the ‘Writing R Extensions’ manual.
Flavors: r-devel-linux-x86_64-fedora-clang, r-devel-linux-x86_64-fedora-gcc