CRAN Package Check Results for Package flexmixNL

Last updated on 2025-01-19 05:49:08 CET.

Flavor Version Tinstall Tcheck Ttotal Status Flags
r-devel-linux-x86_64-debian-clang 0.0.1 10.90 69.05 79.95 NOTE
r-devel-linux-x86_64-debian-gcc 0.0.1 7.05 51.85 58.90 NOTE
r-devel-linux-x86_64-fedora-clang 0.0.1 126.40 OK
r-devel-linux-x86_64-fedora-gcc 0.0.1 119.71 OK
r-devel-windows-x86_64 0.0.1 11.00 82.00 93.00 NOTE
r-patched-linux-x86_64 0.0.1 11.27 64.47 75.74 OK
r-release-linux-x86_64 0.0.1 9.73 64.39 74.12 OK
r-release-macos-arm64 0.0.1 37.00 OK
r-release-macos-x86_64 0.0.1 69.00 OK
r-release-windows-x86_64 0.0.1 10.00 82.00 92.00 OK
r-oldrel-macos-arm64 0.0.1 41.00 OK
r-oldrel-macos-x86_64 0.0.1 68.00 OK
r-oldrel-windows-x86_64 0.0.1 9.00 98.00 107.00 OK

Check Details

Version: 0.0.1
Check: Rd cross-references
Result: NOTE Found the following Rd file(s) with Rd \link{} targets missing package anchors: FLXMRnlm.Rd: gnm, flexmix flexmixNL-package.Rd: flexmix, gnm Please provide package anchors for all Rd \link{} targets not in the package itself and the base packages. Flavors: r-devel-linux-x86_64-debian-clang, r-devel-linux-x86_64-debian-gcc, r-devel-windows-x86_64