CRAN Package Check Results for Package flexsurvcure

Last updated on 2025-01-19 05:49:08 CET.

Flavor Version Tinstall Tcheck Ttotal Status Flags
r-devel-linux-x86_64-debian-clang 1.3.1 9.93 99.61 109.54 NOTE
r-devel-linux-x86_64-debian-gcc 1.3.1 7.08 70.70 77.78 NOTE
r-devel-linux-x86_64-fedora-clang 1.3.1 174.09 OK
r-devel-linux-x86_64-fedora-gcc 1.3.1 179.98 OK
r-devel-windows-x86_64 1.3.1 11.00 108.00 119.00 NOTE
r-patched-linux-x86_64 1.3.1 13.82 92.20 106.02 OK
r-release-linux-x86_64 1.3.1 8.37 91.75 100.12 OK
r-release-macos-arm64 1.3.1 53.00 OK
r-release-macos-x86_64 1.3.1 153.00 OK
r-release-windows-x86_64 1.3.1 11.00 105.00 116.00 OK
r-oldrel-macos-arm64 1.3.1 58.00 OK
r-oldrel-macos-x86_64 1.3.1 92.00 OK
r-oldrel-windows-x86_64 1.3.1 15.00 126.00 141.00 OK

Check Details

Version: 1.3.1
Check: Rd cross-references
Result: NOTE Found the following Rd file(s) with Rd \link{} targets missing package anchors: flexsurvcure.Rd: Surv, flexsurvreg, survreg Please provide package anchors for all Rd \link{} targets not in the package itself and the base packages. Flavors: r-devel-linux-x86_64-debian-clang, r-devel-linux-x86_64-debian-gcc, r-devel-windows-x86_64