CRAN Package Check Results for Package flifo

Last updated on 2025-01-19 05:49:08 CET.

Flavor Version Tinstall Tcheck Ttotal Status Flags
r-devel-linux-x86_64-debian-clang 0.1.5 3.62 32.49 36.11 OK
r-devel-linux-x86_64-debian-gcc 0.1.5 2.81 25.02 27.83 OK
r-devel-linux-x86_64-fedora-clang 0.1.5 59.56 OK
r-devel-linux-x86_64-fedora-gcc 0.1.5 72.93 OK
r-devel-windows-x86_64 0.1.5 6.00 54.00 60.00 OK
r-patched-linux-x86_64 0.1.5 3.63 30.85 34.48 NOTE
r-release-linux-x86_64 0.1.5 3.31 30.66 33.97 NOTE
r-release-macos-arm64 0.1.5 27.00 NOTE
r-release-macos-x86_64 0.1.5 47.00 NOTE
r-release-windows-x86_64 0.1.5 4.00 53.00 57.00 NOTE
r-oldrel-macos-arm64 0.1.5 26.00 NOTE
r-oldrel-macos-x86_64 0.1.5 41.00 NOTE
r-oldrel-windows-x86_64 0.1.5 6.00 56.00 62.00 NOTE

Check Details

Version: 0.1.5
Check: LazyData
Result: NOTE 'LazyData' is specified without a 'data' directory Flavors: r-patched-linux-x86_64, r-release-linux-x86_64, r-release-macos-arm64, r-release-macos-x86_64, r-release-windows-x86_64, r-oldrel-macos-arm64, r-oldrel-macos-x86_64, r-oldrel-windows-x86_64