Last updated on 2025-01-19 05:49:08 CET.
Flavor | Version | Tinstall | Tcheck | Ttotal | Status | Flags |
---|---|---|---|---|---|---|
r-devel-linux-x86_64-debian-clang | 0.3.3 | 19.72 | 104.68 | 124.40 | OK | |
r-devel-linux-x86_64-debian-gcc | 0.3.3 | 14.88 | 75.44 | 90.32 | OK | |
r-devel-linux-x86_64-fedora-clang | 0.3.3 | 212.82 | OK | |||
r-devel-linux-x86_64-fedora-gcc | 0.3.3 | 215.08 | OK | |||
r-devel-windows-x86_64 | 0.3.3 | 27.00 | 117.00 | 144.00 | OK | |
r-patched-linux-x86_64 | 0.3.3 | 20.90 | 98.00 | 118.90 | OK | |
r-release-linux-x86_64 | 0.3.3 | 20.21 | 98.14 | 118.35 | OK | |
r-release-macos-arm64 | 0.3.3 | 52.00 | NOTE | |||
r-release-macos-x86_64 | 0.3.3 | 87.00 | NOTE | |||
r-release-windows-x86_64 | 0.3.3 | 27.00 | 115.00 | 142.00 | NOTE | |
r-oldrel-macos-arm64 | 0.3.3 | 60.00 | NOTE | |||
r-oldrel-macos-x86_64 | 0.3.3 | 125.00 | NOTE | |||
r-oldrel-windows-x86_64 | 0.3.3 | 32.00 | 137.00 | 169.00 | NOTE |
Version: 0.3.3
Check: installed package size
Result: NOTE
installed size is 10.6Mb
sub-directories of 1Mb or more:
doc 9.1Mb
Flavors: r-release-macos-arm64, r-release-macos-x86_64, r-release-windows-x86_64, r-oldrel-macos-arm64, r-oldrel-macos-x86_64, r-oldrel-windows-x86_64