CRAN Package Check Results for Package flock

Last updated on 2025-01-19 05:49:08 CET.

Flavor Version Tinstall Tcheck Ttotal Status Flags
r-devel-linux-x86_64-debian-clang 0.7 8.35 20.98 29.33 OK
r-devel-linux-x86_64-debian-gcc 0.7 6.61 17.30 23.91 OK
r-devel-linux-x86_64-fedora-clang 0.7 55.97 NOTE
r-devel-linux-x86_64-fedora-gcc 0.7 53.01 NOTE
r-devel-windows-x86_64 0.7 14.00 61.00 75.00 OK
r-patched-linux-x86_64 0.7 8.35 20.22 28.57 OK
r-release-linux-x86_64 0.7 8.36 20.26 28.62 OK
r-release-macos-arm64 0.7 21.00 OK
r-release-macos-x86_64 0.7 29.00 OK
r-release-windows-x86_64 0.7 14.00 57.00 71.00 OK
r-oldrel-macos-arm64 0.7 22.00 OK
r-oldrel-macos-x86_64 0.7 32.00 OK
r-oldrel-windows-x86_64 0.7 17.00 65.00 82.00 OK

Check Details

Version: 0.7
Check: compiled code
Result: NOTE File ‘flock/libs/flock.so’: Found no calls to: ‘R_registerRoutines’, ‘R_useDynamicSymbols’ It is good practice to register native routines and to disable symbol search. See ‘Writing portable packages’ in the ‘Writing R Extensions’ manual. Flavors: r-devel-linux-x86_64-fedora-clang, r-devel-linux-x86_64-fedora-gcc