CRAN Package Check Results for Package flux

Last updated on 2025-01-19 05:49:08 CET.

Flavor Version Tinstall Tcheck Ttotal Status Flags
r-devel-linux-x86_64-debian-clang 0.3-0.1 5.51 44.80 50.31 NOTE
r-devel-linux-x86_64-debian-gcc 0.3-0.1 4.31 30.77 35.08 NOTE
r-devel-linux-x86_64-fedora-clang 0.3-0.1 81.69 NOTE
r-devel-linux-x86_64-fedora-gcc 0.3-0.1 77.42 NOTE
r-devel-windows-x86_64 0.3-0.1 8.00 68.00 76.00 OK
r-patched-linux-x86_64 0.3-0.1 6.25 42.25 48.50 NOTE
r-release-linux-x86_64 0.3-0.1 5.20 41.66 46.86 NOTE
r-release-macos-arm64 0.3-0.1 24.00 OK
r-release-macos-x86_64 0.3-0.1 37.00 OK
r-release-windows-x86_64 0.3-0.1 6.00 74.00 80.00 OK
r-oldrel-macos-arm64 0.3-0.1 25.00 OK
r-oldrel-macos-x86_64 0.3-0.1 38.00 OK
r-oldrel-windows-x86_64 0.3-0.1 5.00 75.00 80.00 OK

Check Details

Version: 0.3-0.1
Check: for non-standard things in the check directory
Result: NOTE Found the following files/directories: ‘flux.CH4.txt’ Flavors: r-devel-linux-x86_64-debian-clang, r-devel-linux-x86_64-debian-gcc, r-devel-linux-x86_64-fedora-clang, r-devel-linux-x86_64-fedora-gcc, r-patched-linux-x86_64, r-release-linux-x86_64