CRAN Package Check Results for Package fmpcloudr

Last updated on 2025-01-19 05:49:08 CET.

Flavor Version Tinstall Tcheck Ttotal Status Flags
r-devel-linux-x86_64-debian-clang 0.1.5 2.33 25.40 27.73 OK
r-devel-linux-x86_64-debian-gcc 0.1.5 1.91 19.31 21.22 OK
r-devel-linux-x86_64-fedora-clang 0.1.5 46.08 OK
r-devel-linux-x86_64-fedora-gcc 0.1.5 43.27 OK
r-devel-windows-x86_64 0.1.5 6.00 53.00 59.00 OK
r-patched-linux-x86_64 0.1.5 3.23 24.10 27.33 NOTE
r-release-linux-x86_64 0.1.5 2.10 24.27 26.37 NOTE
r-release-macos-arm64 0.1.5 20.00 NOTE
r-release-macos-x86_64 0.1.5 38.00 NOTE
r-release-windows-x86_64 0.1.5 5.00 54.00 59.00 NOTE
r-oldrel-macos-arm64 0.1.5 18.00 NOTE
r-oldrel-macos-x86_64 0.1.5 25.00 NOTE
r-oldrel-windows-x86_64 0.1.5 4.00 59.00 63.00 NOTE

Check Details

Version: 0.1.5
Check: LazyData
Result: NOTE 'LazyData' is specified without a 'data' directory Flavors: r-patched-linux-x86_64, r-release-linux-x86_64, r-release-macos-arm64, r-release-macos-x86_64, r-release-windows-x86_64, r-oldrel-macos-arm64, r-oldrel-macos-x86_64, r-oldrel-windows-x86_64