Last updated on 2025-01-19 05:49:08 CET.
Flavor | Version | Tinstall | Tcheck | Ttotal | Status | Flags |
---|---|---|---|---|---|---|
r-devel-linux-x86_64-debian-clang | 0.1.2 | 23.46 | 339.96 | 363.42 | OK | |
r-devel-linux-x86_64-debian-gcc | 0.1.2 | 18.13 | 245.66 | 263.79 | OK | |
r-devel-linux-x86_64-fedora-clang | 0.1.2 | 730.86 | OK | |||
r-devel-linux-x86_64-fedora-gcc | 0.1.2 | 710.98 | OK | |||
r-devel-windows-x86_64 | 0.1.2 | 22.00 | 469.00 | 491.00 | OK | |
r-patched-linux-x86_64 | 0.1.2 | 24.49 | 346.65 | 371.14 | OK | |
r-release-linux-x86_64 | 0.1.2 | 24.56 | 346.03 | 370.59 | OK | |
r-release-macos-arm64 | 0.1.2 | 241.00 | NOTE | |||
r-release-macos-x86_64 | 0.1.2 | 325.00 | NOTE | |||
r-release-windows-x86_64 | 0.1.2 | 25.00 | 484.00 | 509.00 | OK | |
r-oldrel-macos-arm64 | 0.1.2 | 243.00 | NOTE | |||
r-oldrel-macos-x86_64 | 0.1.2 | 334.00 | NOTE | |||
r-oldrel-windows-x86_64 | 0.1.2 | 30.00 | 608.00 | 638.00 | OK |
Version: 0.1.2
Check: installed package size
Result: NOTE
installed size is 8.2Mb
sub-directories of 1Mb or more:
libs 7.3Mb
Flavors: r-release-macos-arm64, r-release-macos-x86_64, r-oldrel-macos-arm64, r-oldrel-macos-x86_64