Last updated on 2025-01-19 05:49:08 CET.
Flavor | Version | Tinstall | Tcheck | Ttotal | Status | Flags |
---|---|---|---|---|---|---|
r-devel-linux-x86_64-debian-clang | 0.2.0 | 86.51 | 38.40 | 124.91 | OK | |
r-devel-linux-x86_64-debian-gcc | 0.2.0 | 70.59 | 37.32 | 107.91 | OK | |
r-devel-linux-x86_64-fedora-clang | 0.2.0 | 213.82 | OK | |||
r-devel-linux-x86_64-fedora-gcc | 0.2.0 | 269.01 | OK | |||
r-devel-windows-x86_64 | 0.2.0 | 83.00 | 82.00 | 165.00 | OK | |
r-patched-linux-x86_64 | 0.2.0 | 93.59 | 47.30 | 140.89 | OK | |
r-release-linux-x86_64 | 0.2.0 | 95.31 | 47.35 | 142.66 | OK | |
r-release-macos-arm64 | 0.2.0 | 66.00 | NOTE | |||
r-release-macos-x86_64 | 0.2.0 | 90.00 | NOTE | |||
r-release-windows-x86_64 | 0.2.0 | 82.00 | 83.00 | 165.00 | OK | |
r-oldrel-macos-arm64 | 0.2.0 | 78.00 | NOTE | |||
r-oldrel-macos-x86_64 | 0.2.0 | 89.00 | NOTE | |||
r-oldrel-windows-x86_64 | 0.2.0 | 95.00 | 95.00 | 190.00 | OK |
Version: 0.2.0
Check: installed package size
Result: NOTE
installed size is 32.1Mb
sub-directories of 1Mb or more:
libs 31.4Mb
Flavors: r-release-macos-arm64, r-release-macos-x86_64, r-oldrel-macos-arm64, r-oldrel-macos-x86_64