Last updated on 2025-01-19 05:49:08 CET.
Flavor | Version | Tinstall | Tcheck | Ttotal | Status | Flags |
---|---|---|---|---|---|---|
r-devel-linux-x86_64-debian-clang | 0.9.0 | 11.50 | 436.66 | 448.16 | OK | |
r-devel-linux-x86_64-debian-gcc | 0.9.0 | 8.17 | 286.58 | 294.75 | OK | |
r-devel-linux-x86_64-fedora-clang | 0.9.0 | 707.18 | NOTE | |||
r-devel-linux-x86_64-fedora-gcc | 0.9.0 | 697.25 | NOTE | |||
r-devel-windows-x86_64 | 0.9.0 | 13.00 | 312.00 | 325.00 | OK | |
r-patched-linux-x86_64 | 0.9.0 | 10.57 | 413.52 | 424.09 | OK | |
r-release-linux-x86_64 | 0.9.0 | 9.62 | 407.15 | 416.77 | OK | |
r-release-macos-arm64 | 0.9.0 | 212.00 | OK | |||
r-release-macos-x86_64 | 0.9.0 | 387.00 | OK | |||
r-release-windows-x86_64 | 0.9.0 | 13.00 | 311.00 | 324.00 | OK | |
r-oldrel-macos-arm64 | 0.9.0 | 221.00 | OK | |||
r-oldrel-macos-x86_64 | 0.9.0 | 346.00 | OK | |||
r-oldrel-windows-x86_64 | 0.9.0 | 15.00 | 396.00 | 411.00 | OK |
Version: 0.9.0
Check: dependencies in R code
Result: NOTE
Namespace in Imports field not imported from: ‘dtplyr’
All declared Imports should be used.
Flavors: r-devel-linux-x86_64-fedora-clang, r-devel-linux-x86_64-fedora-gcc