CRAN Package Check Results for Package forecastSNSTS

Last updated on 2025-01-19 05:49:08 CET.

Flavor Version Tinstall Tcheck Ttotal Status Flags
r-devel-linux-x86_64-debian-clang 1.3-0 18.25 30.02 48.27 OK
r-devel-linux-x86_64-debian-gcc 1.3-0 13.57 23.16 36.73 OK
r-devel-linux-x86_64-fedora-clang 1.3-0 89.84 OK
r-devel-linux-x86_64-fedora-gcc 1.3-0 87.37 OK
r-devel-windows-x86_64 1.3-0 22.00 75.00 97.00 OK
r-patched-linux-x86_64 1.3-0 19.90 28.86 48.76 NOTE
r-release-linux-x86_64 1.3-0 19.00 28.84 47.84 NOTE
r-release-macos-arm64 1.3-0 28.00 NOTE
r-release-macos-x86_64 1.3-0 37.00 NOTE
r-release-windows-x86_64 1.3-0 22.00 74.00 96.00 NOTE
r-oldrel-macos-arm64 1.3-0 31.00 NOTE
r-oldrel-macos-x86_64 1.3-0 50.00 NOTE
r-oldrel-windows-x86_64 1.3-0 26.00 85.00 111.00 NOTE

Check Details

Version: 1.3-0
Check: LazyData
Result: NOTE 'LazyData' is specified without a 'data' directory Flavors: r-patched-linux-x86_64, r-release-linux-x86_64, r-release-macos-arm64, r-release-macos-x86_64, r-release-windows-x86_64, r-oldrel-macos-arm64, r-oldrel-macos-x86_64, r-oldrel-windows-x86_64