Last updated on 2024-04-25 18:49:27 CEST.
Flavor | Version | Tinstall | Tcheck | Ttotal | Status | Flags |
---|---|---|---|---|---|---|
r-devel-linux-x86_64-debian-clang | 0.8-86 | 8.85 | 41.30 | 50.15 | OK | |
r-devel-linux-x86_64-debian-gcc | 0.8-86 | 7.24 | 30.27 | 37.51 | OK | |
r-devel-linux-x86_64-fedora-clang | 0.8-86 | 64.11 | OK | |||
r-devel-linux-x86_64-fedora-gcc | 0.8-86 | 63.83 | OK | |||
r-devel-windows-x86_64 | 0.8-86 | 15.00 | 57.00 | 72.00 | WARN | |
r-patched-linux-x86_64 | 0.8-86 | 8.52 | 38.40 | 46.92 | OK | |
r-release-linux-x86_64 | 0.8-86 | 10.21 | 37.37 | 47.58 | OK | |
r-release-macos-arm64 | 0.8-86 | 26.00 | OK | |||
r-release-windows-x86_64 | 0.8-86 | 16.00 | 57.00 | 73.00 | WARN | |
r-oldrel-macos-arm64 | 0.8-86 | 39.00 | OK | |||
r-oldrel-macos-x86_64 | 0.8-86 | 61.00 | OK | |||
r-oldrel-windows-x86_64 | 0.8-86 | 23.00 | 63.00 | 86.00 | OK |
Version: 0.8-86
Check: whether package can be installed
Result: WARN
Found the following significant warnings:
pfm-read.c:552:16: warning: format '%lu' expects argument of type 'long unsigned int', but argument 2 has type 'size_t' {aka 'long long unsigned int'} [-Wformat=]
pfm-read.c:579:16: warning: format '%lu' expects argument of type 'long unsigned int', but argument 2 has type 'size_t' {aka 'long long unsigned int'} [-Wformat=]
pfm-read.c:754:18: warning: format '%lu' expects argument of type 'long unsigned int', but argument 3 has type 'size_t' {aka 'long long unsigned int'} [-Wformat=]
sfm-read.c:554:14: warning: format '%ld' expects argument of type 'long int', but argument 5 has type 'long long unsigned int' [-Wformat=]
sfm-read.c:621:14: warning: format '%lu' expects argument of type 'long unsigned int', but argument 5 has type 'long long unsigned int' [-Wformat=]
sfm-read.c:802:14: warning: format '%ld' expects argument of type 'long int', but argument 4 has type 'long long unsigned int' [-Wformat=]
See 'd:/Rcompile/CRANpkg/local/4.4/foreign.Rcheck/00install.out' for details.
* used C compiler: 'gcc.exe (GCC) 13.2.0'
Flavors: r-devel-windows-x86_64, r-release-windows-x86_64