CRAN Package Check Results for Package forestPSD

Last updated on 2025-01-19 05:49:08 CET.

Flavor Version Tinstall Tcheck Ttotal Status Flags
r-devel-linux-x86_64-debian-clang 1.0.0 1.93 20.81 22.74 OK
r-devel-linux-x86_64-debian-gcc 1.0.0 1.42 16.30 17.72 OK
r-devel-linux-x86_64-fedora-clang 1.0.0 37.25 NOTE
r-devel-linux-x86_64-fedora-gcc 1.0.0 35.19 NOTE
r-devel-windows-x86_64 1.0.0 3.00 52.00 55.00 OK
r-patched-linux-x86_64 1.0.0 1.86 20.10 21.96 OK
r-release-linux-x86_64 1.0.0 1.84 20.10 21.94 OK
r-release-macos-arm64 1.0.0 18.00 OK
r-release-macos-x86_64 1.0.0 26.00 OK
r-release-windows-x86_64 1.0.0 3.00 46.00 49.00 OK
r-oldrel-macos-arm64 1.0.0 21.00 OK
r-oldrel-macos-x86_64 1.0.0 28.00 OK
r-oldrel-windows-x86_64 1.0.0 4.00 46.00 50.00 OK

Check Details

Version: 1.0.0
Check: dependencies in R code
Result: NOTE Namespaces in Imports field not imported from: ‘ggplot2’ ‘reshape2’ All declared Imports should be used. Flavors: r-devel-linux-x86_64-fedora-clang, r-devel-linux-x86_64-fedora-gcc