CRAN Package Check Results for Package forestRK

Last updated on 2020-08-14 12:48:59 CEST.

Flavor Version Tinstall Tcheck Ttotal Status Flags
r-devel-linux-x86_64-debian-clang 0.0-5 9.63 123.93 133.56 OK
r-devel-linux-x86_64-debian-gcc 0.0-5 9.43 91.62 101.05 OK
r-devel-linux-x86_64-fedora-clang 0.0-5 162.34 NOTE
r-devel-linux-x86_64-fedora-gcc 0.0-5 151.99 NOTE
r-devel-windows-ix86+x86_64 0.0-5 40.00 129.00 169.00 OK
r-patched-linux-x86_64 0.0-5 10.90 121.30 132.20 OK
r-patched-solaris-x86 0.0-5 221.80 NOTE
r-release-linux-x86_64 0.0-5 9.91 120.96 130.87 OK
r-release-macos-x86_64 0.0-5 NOTE
r-release-windows-ix86+x86_64 0.0-5 37.00 134.00 171.00 OK
r-oldrel-macos-x86_64 0.0-5 NOTE
r-oldrel-windows-ix86+x86_64 0.0-5 24.00 120.00 144.00 OK

Check Details

Version: 0.0-5
Check: dependencies in R code
Result: NOTE
    Namespace in Imports field not imported from: ‘pkgKitten’
     All declared Imports should be used.
Flavors: r-devel-linux-x86_64-fedora-clang, r-devel-linux-x86_64-fedora-gcc, r-patched-solaris-x86, r-release-macos-x86_64, r-oldrel-macos-x86_64