Last updated on 2025-01-19 05:49:08 CET.
Flavor | Version | Tinstall | Tcheck | Ttotal | Status | Flags |
---|---|---|---|---|---|---|
r-devel-linux-x86_64-debian-clang | 2.0.4 | 2.70 | 36.71 | 39.41 | OK | |
r-devel-linux-x86_64-debian-gcc | 2.0.4 | 1.97 | 25.32 | 27.29 | OK | |
r-devel-linux-x86_64-fedora-clang | 2.0.4 | 67.02 | NOTE | |||
r-devel-linux-x86_64-fedora-gcc | 2.0.4 | 61.76 | NOTE | |||
r-devel-windows-x86_64 | 2.0.4 | 4.00 | 61.00 | 65.00 | OK | |
r-patched-linux-x86_64 | 2.0.4 | 2.66 | 35.27 | 37.93 | OK | |
r-release-linux-x86_64 | 2.0.4 | 2.42 | 34.88 | 37.30 | OK | |
r-release-macos-arm64 | 2.0.4 | 23.00 | OK | |||
r-release-macos-x86_64 | 2.0.4 | 35.00 | OK | |||
r-release-windows-x86_64 | 2.0.4 | 5.00 | 67.00 | 72.00 | OK | |
r-oldrel-macos-arm64 | 2.0.4 | 28.00 | OK | |||
r-oldrel-macos-x86_64 | 2.0.4 | 40.00 | OK | |||
r-oldrel-windows-x86_64 | 2.0.4 | 5.00 | 64.00 | 69.00 | OK |
Version: 2.0.4
Check: dependencies in R code
Result: NOTE
Namespaces in Imports field not imported from:
‘spatstat’ ‘spatstat.data’
All declared Imports should be used.
Flavors: r-devel-linux-x86_64-fedora-clang, r-devel-linux-x86_64-fedora-gcc