CRAN Package Check Results for Package forge

Last updated on 2025-01-19 05:49:08 CET.

Flavor Version Tinstall Tcheck Ttotal Status Flags
r-devel-linux-x86_64-debian-clang 0.2.0 2.17 26.05 28.22 OK
r-devel-linux-x86_64-debian-gcc 0.2.0 1.89 20.70 22.59 OK
r-devel-linux-x86_64-fedora-clang 0.2.0 45.52 OK
r-devel-linux-x86_64-fedora-gcc 0.2.0 43.54 OK
r-devel-windows-x86_64 0.2.0 4.00 45.00 49.00 OK
r-patched-linux-x86_64 0.2.0 2.16 25.02 27.18 NOTE
r-release-linux-x86_64 0.2.0 2.19 25.16 27.35 NOTE
r-release-macos-arm64 0.2.0 18.00 NOTE
r-release-macos-x86_64 0.2.0 25.00 NOTE
r-release-windows-x86_64 0.2.0 4.00 46.00 50.00 NOTE
r-oldrel-macos-arm64 0.2.0 19.00 NOTE
r-oldrel-macos-x86_64 0.2.0 24.00 NOTE
r-oldrel-windows-x86_64 0.2.0 4.00 50.00 54.00 NOTE

Check Details

Version: 0.2.0
Check: LazyData
Result: NOTE 'LazyData' is specified without a 'data' directory Flavors: r-patched-linux-x86_64, r-release-linux-x86_64, r-release-macos-arm64, r-release-macos-x86_64, r-release-windows-x86_64, r-oldrel-macos-arm64, r-oldrel-macos-x86_64, r-oldrel-windows-x86_64