CRAN Package Check Results for Package formulaic

Last updated on 2019-10-17 12:47:36 CEST.

Flavor Version Tinstall Tcheck Ttotal Status Flags
r-devel-linux-x86_64-debian-clang 0.0.4 3.28 34.53 37.81 OK
r-devel-linux-x86_64-debian-gcc 0.0.4 2.42 26.74 29.16 OK
r-devel-linux-x86_64-fedora-clang 0.0.4 42.67 NOTE
r-devel-linux-x86_64-fedora-gcc 0.0.4 40.41 NOTE
r-devel-windows-ix86+x86_64 0.0.4 12.00 41.00 53.00 OK
r-patched-linux-x86_64 0.0.4 2.68 31.53 34.21 OK
r-patched-solaris-x86 0.0.4 58.50 WARN
r-release-linux-x86_64 0.0.4 2.47 34.24 36.71 OK
r-release-windows-ix86+x86_64 0.0.4 6.00 40.00 46.00 OK
r-release-osx-x86_64 0.0.4 WARN
r-oldrel-windows-ix86+x86_64 0.0.4 4.00 43.00 47.00 OK
r-oldrel-osx-x86_64 0.0.4 WARN

Check Details

Version: 0.0.4
Check: dependencies in R code
Result: NOTE
    Namespace in Imports field not imported from: ‘DT’
     All declared Imports should be used.
Flavors: r-devel-linux-x86_64-fedora-clang, r-devel-linux-x86_64-fedora-gcc, r-patched-solaris-x86, r-release-osx-x86_64, r-oldrel-osx-x86_64

Version: 0.0.4
Check: re-building of vignette outputs
Result: WARN
    Error(s) in re-building vignettes:
     ...
    --- re-building ‘Introduction-to-formulaic.Rmd’ using rmarkdown
    Warning in engine$weave(file, quiet = quiet, encoding = enc) :
     Pandoc (>= 1.12.3) and/or pandoc-citeproc not available. Falling back to R Markdown v1.
    Quitting from lines 127-132 (Introduction-to-formulaic.Rmd)
    Error: processing vignette 'Introduction-to-formulaic.Rmd' failed with diagnostics:
    there is no package called 'webshot'
    --- failed re-building ‘Introduction-to-formulaic.Rmd’
    
    SUMMARY: processing the following file failed:
     ‘Introduction-to-formulaic.Rmd’
    
    Error: Vignette re-building failed.
    Execution halted
Flavor: r-patched-solaris-x86

Version: 0.0.4
Check: re-building of vignette outputs
Result: WARN
    Error(s) in re-building vignettes:
     ...
    --- re-building ‘Introduction-to-formulaic.Rmd’ using rmarkdown
    Warning in engine$weave(file, quiet = quiet, encoding = enc) :
     Pandoc (>= 1.12.3) and/or pandoc-citeproc not available. Falling back to R Markdown v1.
    Quitting from lines 127-132 (Introduction-to-formulaic.Rmd)
    Error: processing vignette 'Introduction-to-formulaic.Rmd' failed with diagnostics:
    cannot open the connection
    --- failed re-building ‘Introduction-to-formulaic.Rmd’
    
    SUMMARY: processing the following file failed:
     ‘Introduction-to-formulaic.Rmd’
    
    Error: Vignette re-building failed.
    Execution halted
Flavor: r-release-osx-x86_64

Version: 0.0.4
Check: re-building of vignette outputs
Result: WARN
    Error in re-building vignettes:
     ...
    Warning in engine$weave(file, quiet = quiet, encoding = enc) :
     Pandoc (>= 1.12.3) and/or pandoc-citeproc not available. Falling back to R Markdown v1.
    Quitting from lines 127-132 (Introduction-to-formulaic.Rmd)
    Error: processing vignette 'Introduction-to-formulaic.Rmd' failed with diagnostics:
    cannot open the connection
    Execution halted
Flavor: r-oldrel-osx-x86_64