CRAN Package Check Results for Package fourPNO

Last updated on 2025-01-19 05:49:08 CET.

Flavor Version Tinstall Tcheck Ttotal Status Flags
r-devel-linux-x86_64-debian-clang 1.1.0 24.74 23.81 48.55 NOTE
r-devel-linux-x86_64-debian-gcc 1.1.0 18.75 19.14 37.89 NOTE
r-devel-linux-x86_64-fedora-clang 1.1.0 87.58 NOTE
r-devel-linux-x86_64-fedora-gcc 1.1.0 91.57 NOTE
r-devel-windows-x86_64 1.1.0 26.00 69.00 95.00 NOTE
r-patched-linux-x86_64 1.1.0 24.67 22.51 47.18 NOTE
r-release-linux-x86_64 1.1.0 22.51 22.80 45.31 NOTE
r-release-macos-arm64 1.1.0 26.00 NOTE
r-release-macos-x86_64 1.1.0 39.00 NOTE
r-release-windows-x86_64 1.1.0 27.00 65.00 92.00 NOTE
r-oldrel-macos-arm64 1.1.0 28.00 NOTE
r-oldrel-macos-x86_64 1.1.0 46.00 NOTE
r-oldrel-windows-x86_64 1.1.0 28.00 74.00 102.00 NOTE

Check Details

Version: 1.1.0
Check: C++ specification
Result: NOTE Specified C++11: please drop specification unless essential Flavors: r-devel-linux-x86_64-debian-clang, r-devel-linux-x86_64-debian-gcc, r-devel-linux-x86_64-fedora-clang, r-devel-linux-x86_64-fedora-gcc, r-devel-windows-x86_64, r-patched-linux-x86_64, r-release-linux-x86_64, r-release-macos-arm64, r-release-macos-x86_64, r-release-windows-x86_64, r-oldrel-macos-arm64, r-oldrel-macos-x86_64, r-oldrel-windows-x86_64