Last updated on 2025-01-19 05:49:08 CET.
Flavor | Version | Tinstall | Tcheck | Ttotal | Status | Flags |
---|---|---|---|---|---|---|
r-devel-linux-x86_64-debian-clang | 2.5 | 6.91 | 69.15 | 76.06 | OK | |
r-devel-linux-x86_64-debian-gcc | 2.5 | 4.76 | 49.43 | 54.19 | OK | |
r-devel-linux-x86_64-fedora-clang | 2.5 | 121.90 | OK | |||
r-devel-linux-x86_64-fedora-gcc | 2.5 | 124.21 | OK | |||
r-devel-windows-x86_64 | 2.5 | 9.00 | 87.00 | 96.00 | OK | |
r-patched-linux-x86_64 | 2.5 | 7.01 | 62.67 | 69.68 | OK | |
r-release-linux-x86_64 | 2.5 | 6.26 | 65.23 | 71.49 | OK | |
r-release-macos-arm64 | 2.5 | 33.00 | OK | |||
r-release-macos-x86_64 | 2.5 | 55.00 | OK | |||
r-release-windows-x86_64 | 2.5 | 9.00 | 92.00 | 101.00 | OK | |
r-oldrel-macos-arm64 | 2.5 | 39.00 | OK | |||
r-oldrel-macos-x86_64 | 2.5 | 56.00 | NOTE | |||
r-oldrel-windows-x86_64 | 2.5 | 13.00 | 102.00 | 115.00 | OK |
Version: 2.5
Check: package dependencies
Result: NOTE
Package suggested but not available for checking: ‘Mcomp’
Flavor: r-oldrel-macos-x86_64