CRAN Package Check Results for Package fracture

Last updated on 2025-01-19 05:49:08 CET.

Flavor Version Tinstall Tcheck Ttotal Status Flags
r-devel-linux-x86_64-debian-clang 0.2.1 12.16 29.55 41.71 NOTE
r-devel-linux-x86_64-debian-gcc 0.2.1 8.59 21.95 30.54 NOTE
r-devel-linux-x86_64-fedora-clang 0.2.1 75.95 NOTE
r-devel-linux-x86_64-fedora-gcc 0.2.1 71.44 NOTE
r-devel-windows-x86_64 0.2.1 15.00 64.00 79.00 NOTE
r-patched-linux-x86_64 0.2.1 12.41 27.79 40.20 NOTE
r-release-linux-x86_64 0.2.1 11.82 28.08 39.90 NOTE
r-release-macos-arm64 0.2.1 25.00 NOTE
r-release-macos-x86_64 0.2.1 33.00 NOTE
r-release-windows-x86_64 0.2.1 16.00 66.00 82.00 NOTE
r-oldrel-macos-arm64 0.2.1 27.00 NOTE
r-oldrel-macos-x86_64 0.2.1 41.00 NOTE
r-oldrel-windows-x86_64 0.2.1 16.00 75.00 91.00 NOTE

Check Details

Version: 0.2.1
Check: C++ specification
Result: NOTE Specified C++11: please drop specification unless essential Flavors: r-devel-linux-x86_64-debian-clang, r-devel-linux-x86_64-debian-gcc, r-devel-linux-x86_64-fedora-clang, r-devel-linux-x86_64-fedora-gcc, r-devel-windows-x86_64, r-patched-linux-x86_64, r-release-linux-x86_64, r-release-macos-arm64, r-release-macos-x86_64, r-release-windows-x86_64, r-oldrel-macos-arm64, r-oldrel-macos-x86_64, r-oldrel-windows-x86_64