Last updated on 2024-04-17 13:57:28 CEST.
Flavor | Version | Tinstall | Tcheck | Ttotal | Status | Flags |
---|---|---|---|---|---|---|
r-devel-linux-x86_64-debian-clang | 1.0.1 | 36.50 | 146.83 | 183.33 | NOTE | |
r-devel-linux-x86_64-debian-gcc | 1.0.1 | 30.99 | 107.11 | 138.10 | NOTE | |
r-devel-linux-x86_64-fedora-clang | 1.0.1 | 238.31 | NOTE | |||
r-devel-linux-x86_64-fedora-gcc | 1.0.1 | 241.32 | NOTE | |||
r-prerel-macos-arm64 | 1.0.1 | 62.00 | NOTE | |||
r-prerel-windows-x86_64 | 1.0.1 | 33.00 | 154.00 | 187.00 | NOTE | |
r-patched-linux-x86_64 | 1.0.1 | 36.75 | 137.62 | 174.37 | NOTE | |
r-release-linux-x86_64 | 1.0.1 | 37.10 | 143.45 | 180.55 | NOTE | |
r-release-macos-arm64 | 1.0.1 | 78.00 | NOTE | |||
r-release-macos-x86_64 | 1.0.1 | 122.00 | NOTE | |||
r-release-windows-x86_64 | 1.0.1 | 41.00 | 183.00 | 224.00 | NOTE | |
r-oldrel-macos-arm64 | 1.0.1 | 65.00 | NOTE | |||
r-oldrel-windows-x86_64 | 1.0.1 | 41.00 | 174.00 | 215.00 | NOTE |
Version: 1.0.1
Check: Rd files
Result: NOTE
checkRd: (-1) emfrail_control.Rd:49: Lost braces in \itemize; meant \describe ?
checkRd: (-1) emfrail_control.Rd:50: Lost braces in \itemize; meant \describe ?
checkRd: (-1) emfrail_control.Rd:51: Lost braces in \itemize; meant \describe ?
checkRd: (-1) emfrail_control.Rd:52: Lost braces in \itemize; meant \describe ?
checkRd: (-1) emfrail_control.Rd:53-54: Lost braces in \itemize; meant \describe ?
checkRd: (-1) emfrail_control.Rd:55-57: Lost braces in \itemize; meant \describe ?
Flavors: r-devel-linux-x86_64-debian-clang, r-devel-linux-x86_64-debian-gcc, r-devel-linux-x86_64-fedora-clang, r-devel-linux-x86_64-fedora-gcc, r-prerel-macos-arm64, r-prerel-windows-x86_64, r-patched-linux-x86_64
Version: 1.0.1
Check: LazyData
Result: NOTE
'LazyData' is specified without a 'data' directory
Flavors: r-devel-linux-x86_64-debian-clang, r-devel-linux-x86_64-debian-gcc, r-devel-linux-x86_64-fedora-clang, r-devel-linux-x86_64-fedora-gcc, r-prerel-macos-arm64, r-prerel-windows-x86_64, r-patched-linux-x86_64, r-release-linux-x86_64, r-release-macos-arm64, r-release-macos-x86_64, r-release-windows-x86_64, r-oldrel-macos-arm64, r-oldrel-windows-x86_64