Last updated on 2025-01-19 05:49:08 CET.
Flavor | Version | Tinstall | Tcheck | Ttotal | Status | Flags |
---|---|---|---|---|---|---|
r-devel-linux-x86_64-debian-clang | 1.6.10 | 7.24 | 65.18 | 72.42 | NOTE | |
r-devel-linux-x86_64-debian-gcc | 1.6.10 | 4.60 | 46.63 | 51.23 | NOTE | |
r-devel-linux-x86_64-fedora-clang | 1.6.10 | 117.84 | OK | |||
r-devel-linux-x86_64-fedora-gcc | 1.6.10 | 125.04 | OK | |||
r-devel-windows-x86_64 | 1.6.10 | 10.00 | 95.00 | 105.00 | NOTE | |
r-patched-linux-x86_64 | 1.6.10 | 10.17 | 60.14 | 70.31 | OK | |
r-release-linux-x86_64 | 1.6.10 | 7.11 | 60.41 | 67.52 | OK | |
r-release-macos-arm64 | 1.6.10 | 44.00 | OK | |||
r-release-macos-x86_64 | 1.6.10 | 62.00 | OK | |||
r-release-windows-x86_64 | 1.6.10 | 8.00 | 97.00 | 105.00 | OK | |
r-oldrel-macos-arm64 | 1.6.10 | 44.00 | OK | |||
r-oldrel-macos-x86_64 | 1.6.10 | 73.00 | OK | |||
r-oldrel-windows-x86_64 | 1.6.10 | 11.00 | 101.00 | 112.00 | OK |
Version: 1.6.10
Check: Rd cross-references
Result: NOTE
Found the following Rd file(s) with Rd \link{} targets missing package
anchors:
checkmnc-methods.Rd: checkimg
fs_cmd.Rd: readnii
readmgz.Rd: readnii
readmnc.Rd: readnii
Please provide package anchors for all Rd \link{} targets not in the
package itself and the base packages.
Flavors: r-devel-linux-x86_64-debian-clang, r-devel-linux-x86_64-debian-gcc, r-devel-windows-x86_64