Last updated on 2025-02-08 20:48:23 CET.
Flavor | Version | Tinstall | Tcheck | Ttotal | Status | Flags |
---|---|---|---|---|---|---|
r-devel-linux-x86_64-debian-clang | 0.1.0 | 1.65 | 20.85 | 22.50 | OK | |
r-devel-linux-x86_64-debian-gcc | 0.1.0 | 1.46 | 16.55 | 18.01 | OK | |
r-devel-linux-x86_64-fedora-clang | 0.1.0 | 36.09 | OK | |||
r-devel-linux-x86_64-fedora-gcc | 0.1.0 | 33.90 | OK | |||
r-devel-windows-x86_64 | 0.1.0 | 3.00 | 41.00 | 44.00 | OK | |
r-patched-linux-x86_64 | 0.1.0 | 1.70 | 19.25 | 20.95 | NOTE | |
r-release-linux-x86_64 | 0.1.0 | 1.55 | 19.19 | 20.74 | NOTE | |
r-release-macos-arm64 | 0.1.0 | 16.00 | NOTE | |||
r-release-macos-x86_64 | 0.1.0 | 24.00 | NOTE | |||
r-release-windows-x86_64 | 0.1.0 | 3.00 | 43.00 | 46.00 | NOTE | |
r-oldrel-macos-arm64 | 0.1.0 | 22.00 | NOTE | |||
r-oldrel-macos-x86_64 | 0.1.0 | 22.00 | NOTE | |||
r-oldrel-windows-x86_64 | 0.1.0 | 3.00 | 44.00 | 47.00 | NOTE |
Version: 0.1.0
Check: LazyData
Result: NOTE
'LazyData' is specified without a 'data' directory
Flavors: r-patched-linux-x86_64, r-release-linux-x86_64, r-release-macos-arm64, r-release-macos-x86_64, r-release-windows-x86_64, r-oldrel-macos-arm64, r-oldrel-macos-x86_64, r-oldrel-windows-x86_64