Last updated on 2024-05-01 16:52:55 CEST.
Flavor | Version | Tinstall | Tcheck | Ttotal | Status | Flags |
---|---|---|---|---|---|---|
r-devel-linux-x86_64-debian-clang | 4.1.0 | 6.22 | 59.11 | 65.33 | OK | |
r-devel-linux-x86_64-debian-gcc | 4.1.0 | 3.82 | 44.58 | 48.40 | OK | |
r-devel-linux-x86_64-fedora-clang | 4.1.0 | 85.69 | OK | |||
r-devel-linux-x86_64-fedora-gcc | 4.1.0 | 89.45 | OK | |||
r-devel-windows-x86_64 | 4.1.0 | 7.00 | 121.00 | 128.00 | NOTE | |
r-patched-linux-x86_64 | 4.1.0 | 6.83 | 56.11 | 62.94 | OK | |
r-release-linux-x86_64 | 4.1.0 | 3.73 | 57.60 | 61.33 | OK | |
r-release-macos-arm64 | 4.1.0 | 52.00 | NOTE | |||
r-release-windows-x86_64 | 4.1.0 | 7.00 | 126.00 | 133.00 | NOTE | |
r-oldrel-macos-arm64 | 4.1.0 | 70.00 | OK | |||
r-oldrel-macos-x86_64 | 4.1.0 | 119.00 | OK | |||
r-oldrel-windows-x86_64 | 4.1.0 | 8.00 | 126.00 | 134.00 | OK |
Version: 4.1.0
Check: Rd files
Result: NOTE
checkRd: (-1) NEWS.Rd:234: Escaped LaTeX specials: \_
checkRd: (-1) NEWS.Rd:257: Escaped LaTeX specials: \_ \_
checkRd: (-1) NEWS.Rd:258: Escaped LaTeX specials: \_ \_
checkRd: (-1) NEWS.Rd:259: Escaped LaTeX specials: \_
checkRd: (-1) NEWS.Rd:262: Escaped LaTeX specials: \_
checkRd: (-1) NEWS.Rd:265: Escaped LaTeX specials: \_
Flavors: r-devel-windows-x86_64, r-release-macos-arm64, r-release-windows-x86_64