CRAN Package Check Results for Package frm

Last updated on 2018-09-22 12:50:43 CEST.

Flavor Version Tinstall Tcheck Ttotal Status Flags
r-devel-linux-x86_64-debian-clang 1.2.2 2.44 22.75 25.19 NOTE
r-devel-linux-x86_64-debian-gcc 1.2.2 1.93 18.10 20.03 NOTE
r-devel-linux-x86_64-fedora-clang 1.2.2 29.50 NOTE
r-devel-linux-x86_64-fedora-gcc 1.2.2 28.44 NOTE
r-devel-windows-ix86+x86_64 1.2.2 3.00 31.00 34.00 NOTE
r-patched-linux-x86_64 1.2.2 2.69 21.28 23.97 NOTE
r-patched-solaris-x86 1.2.2 39.30 NOTE
r-release-linux-x86_64 1.2.2 2.09 21.21 23.30 NOTE
r-release-windows-ix86+x86_64 1.2.2 5.00 29.00 34.00 NOTE
r-release-osx-x86_64 1.2.2 NOTE
r-oldrel-windows-ix86+x86_64 1.2.2 2.00 31.00 33.00 NOTE
r-oldrel-osx-x86_64 1.2.2 NOTE

Check Details

Version: 1.2.2
Check: R code for possible problems
Result: NOTE
    frm.est: no visible global function definition for ‘glm’
    frm.est: no visible global function definition for ‘binomial’
    frm.est: no visible global function definition for ‘quasibinomial’
    frm.est: no visible global function definition for ‘logLik’
    frm.ggoff: no visible global function definition for ‘model.frame’
    frm.ggoff: no visible global function definition for ‘model.response’
    frm.ggoff: no visible global function definition for ‘model.matrix’
    frm.ggoff: no visible global function definition for ‘pchisq’
    frm.links : linkfun: no visible global function definition for ‘qlogis’
    frm.links : linkinv: no visible global function definition for ‘plogis’
    frm.links : mu.eta: no visible global function definition for ‘dlogis’
    frm.links : linkfun: no visible global function definition for ‘qnorm’
    frm.links : linkinv: no visible global function definition for ‘qnorm’
    frm.links : linkinv: no visible global function definition for ‘pnorm’
    frm.links : mu.eta: no visible global function definition for ‘dnorm’
    frm.links : gd: no visible global function definition for ‘dnorm’
    frm.links : linkfun: no visible global function definition for
     ‘qcauchy’
    frm.links : linkinv: no visible global function definition for
     ‘qcauchy’
    frm.links : linkinv: no visible global function definition for
     ‘pcauchy’
    frm.links : mu.eta: no visible global function definition for ‘dcauchy’
    frm.lm: no visible global function definition for ‘lm’
    frm.pe: no visible global function definition for ‘model.matrix’
    frm.pe: no visible binding for global variable ‘median’
    frm.pe.table: no visible global function definition for ‘pnorm’
    frm.ptest: no visible global function definition for ‘model.frame’
    frm.ptest: no visible global function definition for ‘model.response’
    frm.ptest: no visible global function definition for ‘model.matrix’
    frm.ptest: no visible global function definition for ‘pchisq’
    frm.ptest: no visible global function definition for ‘lm’
    frm.ptest: no visible global function definition for ‘pt’
    frm.reset: no visible global function definition for ‘model.frame’
    frm.reset: no visible global function definition for ‘model.response’
    frm.reset: no visible global function definition for ‘model.matrix’
    frm.reset: no visible global function definition for ‘pchisq’
    frm.table: no visible global function definition for ‘cor’
    frm.table: no visible global function definition for ‘pnorm’
    Undefined global functions or variables:
     binomial cor dcauchy dlogis dnorm glm lm logLik median model.frame
     model.matrix model.response pcauchy pchisq plogis pnorm pt qcauchy
     qlogis qnorm quasibinomial
    Consider adding
     importFrom("stats", "binomial", "cor", "dcauchy", "dlogis", "dnorm",
     "glm", "lm", "logLik", "median", "model.frame",
     "model.matrix", "model.response", "pcauchy", "pchisq",
     "plogis", "pnorm", "pt", "qcauchy", "qlogis", "qnorm",
     "quasibinomial")
    to your NAMESPACE file.
Flavors: r-devel-linux-x86_64-debian-clang, r-devel-linux-x86_64-debian-gcc, r-devel-linux-x86_64-fedora-clang, r-devel-linux-x86_64-fedora-gcc, r-devel-windows-ix86+x86_64, r-patched-linux-x86_64, r-patched-solaris-x86, r-release-linux-x86_64, r-release-windows-ix86+x86_64, r-release-osx-x86_64, r-oldrel-windows-ix86+x86_64, r-oldrel-osx-x86_64