CRAN Package Check Results for Package fso

Last updated on 2025-01-19 05:49:08 CET.

Flavor Version Tinstall Tcheck Ttotal Status Flags
r-devel-linux-x86_64-debian-clang 2.1-2 9.13 59.00 68.13 NOTE
r-devel-linux-x86_64-debian-gcc 2.1-2 5.22 44.99 50.21 NOTE
r-devel-linux-x86_64-fedora-clang 2.1-2 105.77 OK
r-devel-linux-x86_64-fedora-gcc 2.1-2 103.45 OK
r-devel-windows-x86_64 2.1-2 12.00 72.00 84.00 NOTE
r-patched-linux-x86_64 2.1-2 10.21 55.72 65.93 OK
r-release-linux-x86_64 2.1-2 7.77 55.89 63.66 OK
r-release-macos-arm64 2.1-2 33.00 OK
r-release-macos-x86_64 2.1-2 47.00 OK
r-release-windows-x86_64 2.1-2 10.00 131.00 141.00 OK
r-oldrel-macos-arm64 2.1-2 35.00 OK
r-oldrel-macos-x86_64 2.1-2 56.00 OK
r-oldrel-windows-x86_64 2.1-2 12.00 83.00 95.00 OK

Check Details

Version: 2.1-2
Check: Rd cross-references
Result: NOTE Found the following Rd file(s) with Rd \link{} targets missing package anchors: fso.Rd: dsvdis mfso.Rd: dsvdis plot.mfso.Rd: dsvdis step.mfso.Rd: dsvdis Please provide package anchors for all Rd \link{} targets not in the package itself and the base packages. Flavors: r-devel-linux-x86_64-debian-clang, r-devel-linux-x86_64-debian-gcc, r-devel-windows-x86_64